Last updated on 2023-02-05 22:59:28 CET.
Flavor | Version | Tinstall | Tcheck | Ttotal | Status | Flags |
---|---|---|---|---|---|---|
r-devel-linux-x86_64-debian-clang | 0.0.2 | 7.21 | 74.61 | 81.82 | OK | |
r-devel-linux-x86_64-debian-gcc | 0.0.2 | 6.74 | 56.28 | 63.02 | OK | |
r-devel-linux-x86_64-fedora-clang | 0.0.2 | 106.29 | OK | |||
r-devel-linux-x86_64-fedora-gcc | 0.0.2 | 108.52 | OK | |||
r-devel-windows-x86_64 | 0.0.2 | 53.00 | 133.00 | 186.00 | OK | |
r-patched-linux-x86_64 | 0.0.2 | 8.37 | 72.63 | 81.00 | OK | |
r-release-linux-x86_64 | 0.0.2 | 6.48 | 71.13 | 77.61 | OK | |
r-release-macos-arm64 | 0.0.2 | 39.00 | OK | |||
r-release-macos-x86_64 | 0.0.2 | 58.00 | ERROR | |||
r-release-windows-x86_64 | 0.0.2 | 62.00 | 198.00 | 260.00 | OK | |
r-oldrel-macos-arm64 | 0.0.2 | 522.00 | OK | |||
r-oldrel-macos-x86_64 | 0.0.2 | 60.00 | WARN | |||
r-oldrel-windows-ix86+x86_64 | 0.0.2 | 20.00 | 109.00 | 129.00 | OK |
Version: 0.0.2
Check: re-building of vignette outputs
Result: ERROR
Error(s) in re-building vignettes:
...
--- re-building ‘oceanexplorer.Rmd’ using rmarkdown
Quitting from lines 133-134 (oceanexplorer.Rmd)
Error: processing vignette 'oceanexplorer.Rmd' failed with diagnostics:
crs not found: is it missing?
--- failed re-building ‘oceanexplorer.Rmd’
SUMMARY: processing the following file failed:
‘oceanexplorer.Rmd’
Error: Vignette re-building failed.
Execution halted
Flavor: r-release-macos-x86_64
Version: 0.0.2
Check: re-building of vignette outputs
Result: WARN
Error(s) in re-building vignettes:
...
--- re-building ‘oceanexplorer.Rmd’ using rmarkdown
Quitting from lines 133-134 (oceanexplorer.Rmd)
Error: processing vignette 'oceanexplorer.Rmd' failed with diagnostics:
crs not found: is it missing?
--- failed re-building ‘oceanexplorer.Rmd’
SUMMARY: processing the following file failed:
‘oceanexplorer.Rmd’
Error: Vignette re-building failed.
Execution halted
Flavor: r-oldrel-macos-x86_64