CRAN Package Check Results for Package odbc

Last updated on 2023-09-26 23:04:20 CEST.

Flavor Version Tinstall Tcheck Ttotal Status Flags
r-devel-linux-x86_64-debian-clang 1.3.5 113.21 66.62 179.83 NOTE
r-devel-linux-x86_64-debian-gcc 1.3.5 76.59 51.28 127.87 NOTE
r-devel-linux-x86_64-fedora-clang 1.3.5 250.18 WARN
r-devel-linux-x86_64-fedora-gcc 1.3.5 257.43 NOTE
r-devel-windows-x86_64 1.3.5 106.00 104.00 210.00 NOTE
r-patched-linux-x86_64 1.3.5 119.55 64.98 184.53 OK
r-release-linux-x86_64 1.3.5 104.03 64.71 168.74 OK
r-release-macos-arm64 1.3.5 59.00 NOTE
r-release-macos-x86_64 1.3.5 111.00 WARN
r-release-windows-x86_64 1.3.5 135.00 114.00 249.00 OK
r-oldrel-macos-arm64 1.3.5 65.00 NOTE
r-oldrel-macos-x86_64 1.3.5 93.00 NOTE
r-oldrel-windows-x86_64 1.3.5 111.00 107.00 218.00 OK

Check Details

Version: 1.3.5
Check: Rd metadata
Result: NOTE
    Rd files without \alias:
     ‘odbc-package.Rd’
Flavors: r-devel-linux-x86_64-debian-clang, r-devel-linux-x86_64-debian-gcc, r-devel-linux-x86_64-fedora-clang, r-devel-linux-x86_64-fedora-gcc, r-devel-windows-x86_64

Version: 1.3.5
Check: whether package can be installed
Result: WARN
    Found the following significant warnings:
     nanodbc/nanodbc.cpp:301:32: warning: 'codecvt_utf8_utf16<char16_t>' is deprecated [-Wdeprecated-declarations]
     nanodbc/nanodbc.cpp:301:16: warning: 'wstring_convert<std::codecvt_utf8_utf16<char16_t>, char16_t>' is deprecated [-Wdeprecated-declarations]
    See ‘/data/gannet/ripley/R/packages/tests-clang/odbc.Rcheck/00install.out’ for details.
    * used C++ compiler: ‘clang version 17.0.1’
Flavor: r-devel-linux-x86_64-fedora-clang

Version: 1.3.5
Check: installed package size
Result: NOTE
     installed size is 10.5Mb
     sub-directories of 1Mb or more:
     libs 10.0Mb
Flavors: r-release-macos-arm64, r-release-macos-x86_64, r-oldrel-macos-arm64, r-oldrel-macos-x86_64

Version: 1.3.5
Check: whether package can be installed
Result: WARN
    Found the following significant warnings:
     nanodbc/nanodbc.cpp:367:26: warning: 'SQLGetDiagRec' is deprecated: first deprecated in macOS 10.8 [-Wdeprecated-declarations]
     nanodbc/nanodbc.cpp:385:26: warning: 'SQLGetDiagRec' is deprecated: first deprecated in macOS 10.8 [-Wdeprecated-declarations]
     nanodbc/nanodbc.cpp:731:21: warning: 'SQLFreeHandle' is deprecated: first deprecated in macOS 10.8 [-Wdeprecated-declarations]
     nanodbc/nanodbc.cpp:743:21: warning: 'SQLAllocHandle' is deprecated: first deprecated in macOS 10.8 [-Wdeprecated-declarations]
     nanodbc/nanodbc.cpp:750:13: warning: 'SQLSetEnvAttr' is deprecated: first deprecated in macOS 10.8 [-Wdeprecated-declarations]
     nanodbc/nanodbc.cpp:775:25: warning: 'SQLAllocHandle' is deprecated: first deprecated in macOS 10.8 [-Wdeprecated-declarations]
     nanodbc/nanodbc.cpp:941:25: warning: 'SQLSetConnectAttr' is deprecated: first deprecated in macOS 10.8 [-Wdeprecated-declarations]
     nanodbc/nanodbc.cpp:1052:26: warning: 'SQLConnect' is deprecated: first deprecated in macOS 10.8 [-Wdeprecated-declarations]
     nanodbc/nanodbc.cpp:1124:26: warning: 'SQLDriverConnect' is deprecated: first deprecated in macOS 10.8 [-Wdeprecated-declarations]
     nanodbc/nanodbc.cpp:1149:29: warning: 'SQLDisconnect' is deprecated: first deprecated in macOS 10.8 [-Wdeprecated-declarations]
     nanodbc/nanodbc.cpp:1181:26: warning: 'SQLGetConnectAttr' is deprecated: first deprecated in macOS 10.8 [-Wdeprecated-declarations]
     nanodbc/nanodbc.cpp:1235:22: warning: 'SQLGetInfo' is deprecated: first deprecated in macOS 10.8 [-Wdeprecated-declarations]
     nanodbc/nanodbc.cpp:1306:17: warning: 'SQLSetConnectAttr' is deprecated: first deprecated in macOS 10.8 [-Wdeprecated-declarations]
     nanodbc/nanodbc.cpp:1330:30: warning: 'SQLEndTran' is deprecated: first deprecated in macOS 10.8 [-Wdeprecated-declarations]
     nanodbc/nanodbc.cpp:1335:17: warning: 'SQLSetConnectAttr' is deprecated: first deprecated in macOS 10.8 [-Wdeprecated-declarations]
     nanodbc/nanodbc.cpp:1351:29: warning: 'SQLEndTran' is deprecated: first deprecated in macOS 10.8 [-Wdeprecated-declarations]
     nanodbc/nanodbc.cpp:1448:26: warning: 'SQLCancel' is deprecated: first deprecated in macOS 10.8 [-Wdeprecated-declarations]
     nanodbc/nanodbc.cpp:1458:25: warning: 'SQLAllocHandle' is deprecated: first deprecated in macOS 10.8 [-Wdeprecated-declarations]
     nanodbc/nanodbc.cpp:1480:29: warning: 'SQLCancel' is deprecated: first deprecated in macOS 10.8 [-Wdeprecated-declarations]
     nanodbc/nanodbc.cpp:1495:25: warning: 'SQLCancel' is deprecated: first deprecated in macOS 10.8 [-Wdeprecated-declarations]
     nanodbc/nanodbc.cpp:1520:26: warning: 'SQLPrepare' is deprecated: first deprecated in macOS 10.8 [-Wdeprecated-declarations]
     nanodbc/nanodbc.cpp:1537:13: warning: 'SQLSetStmtAttr' is deprecated: first deprecated in macOS 10.8 [-Wdeprecated-declarations]
     nanodbc/nanodbc.cpp:1694:13: warning: 'SQLSetStmtAttr' is deprecated: first deprecated in macOS 10.8 [-Wdeprecated-declarations]
     nanodbc/nanodbc.cpp:1706:26: warning: 'SQLExecDirect' is deprecated: first deprecated in macOS 10.8 [-Wdeprecated-declarations]
     nanodbc/nanodbc.cpp:1743:29: warning: 'SQLFreeStmt' is deprecated: first deprecated in macOS 10.8 [-Wdeprecated-declarations]
     nanodbc/nanodbc.cpp:1756:13: warning: 'SQLSetStmtAttr' is deprecated: first deprecated in macOS 10.8 [-Wdeprecated-declarations]
     nanodbc/nanodbc.cpp:1767:25: warning: 'SQLExecute' is deprecated: first deprecated in macOS 10.8 [-Wdeprecated-declarations]
     nanodbc/nanodbc.cpp:1790:26: warning: 'SQLProcedureColumns' is deprecated: first deprecated in macOS 10.8 [-Wdeprecated-declarations]
     nanodbc/nanodbc.cpp:1812:25: warning: 'SQLRowCount' is deprecated: first deprecated in macOS 10.8 [-Wdeprecated-declarations]
     nanodbc/nanodbc.cpp:1828:25: warning: 'SQLNumResultCols' is deprecated: first deprecated in macOS 10.8 [-Wdeprecated-declarations]
     nanodbc/nanodbc.cpp:1837:22: warning: 'SQLFreeStmt' is deprecated: first deprecated in macOS 10.8 [-Wdeprecated-declarations]
     nanodbc/nanodbc.cpp:1849:25: warning: 'SQLNumParams' is deprecated: first deprecated in macOS 10.8 [-Wdeprecated-declarations]
     nanodbc/nanodbc.cpp:1867:13: warning: 'SQLDescribeParam' is deprecated: first deprecated in macOS 10.8 [-Wdeprecated-declarations]
     nanodbc/nanodbc.cpp:1922:17: warning: 'SQLDescribeParam' is deprecated: first deprecated in macOS 10.8 [-Wdeprecated-declarations]
     nanodbc/nanodbc.cpp:2075:13: warning: 'SQLBindParameter' is deprecated: first deprecated in macOS 10.8 [-Wdeprecated-declarations]
     nanodbc/nanodbc.cpp:2146:9: warning: 'SQLBindParameter' is deprecated: first deprecated in macOS 10.8 [-Wdeprecated-declarations]
     nanodbc/nanodbc.cpp:2348:13: warning: 'SQLSetStmtAttr' is deprecated: first deprecated in macOS 10.8 [-Wdeprecated-declarations]
     nanodbc/nanodbc.cpp:2358:13: warning: 'SQLSetStmtAttr' is deprecated: first deprecated in macOS 10.8 [-Wdeprecated-declarations]
     nanodbc/nanodbc.cpp:2461:13: warning: 'SQLGetStmtAttr' is deprecated: first deprecated in macOS 10.8 [-Wdeprecated-declarations]
     nanodbc/nanodbc.cpp:2492:13: warning: 'SQLGetStmtAttr' is deprecated: first deprecated in macOS 10.8 [-Wdeprecated-declarations]
     nanodbc/nanodbc.cpp:2615:25: warning: 'SQLMoreResults' is deprecated: first deprecated in macOS 10.8 [-Wdeprecated-declarations]
     nanodbc/nanodbc.cpp:2644:17: warning: 'SQLBindCol' is deprecated: first deprecated in macOS 10.8 [-Wdeprecated-declarations]
     nanodbc/nanodbc.cpp:2798:25: warning: 'SQLFetchScroll' is deprecated: first deprecated in macOS 10.8 [-Wdeprecated-declarations]
     nanodbc/nanodbc.cpp:2838:30: warning: 'SQLDescribeCol' is deprecated: first deprecated in macOS 10.8 [-Wdeprecated-declarations]
     nanodbc/nanodbc.cpp:2951:21: warning: 'SQLBindCol' is deprecated: first deprecated in macOS 10.8 [-Wdeprecated-declarations]
     nanodbc/nanodbc.cpp:2966:21: warning: 'SQLBindCol' is deprecated: first deprecated in macOS 10.8 [-Wdeprecated-declarations]
     nanodbc/nanodbc.cpp:3086:21: warning: 'SQLGetData' is deprecated: first deprecated in macOS 10.8 [-Wdeprecated-declarations]
     nanodbc/nanodbc.cpp:3144:21: warning: 'SQLGetData' is deprecated: first deprecated in macOS 10.8 [-Wdeprecated-declarations]
     nanodbc/nanodbc.cpp:3356:21: warning: 'SQLGetData' is deprecated: first deprecated in macOS 10.8 [-Wdeprecated-declarations]
     nanodbc/nanodbc.cpp:3507:26: warning: 'SQLDrivers' is deprecated: first deprecated in macOS 10.8 [-Wdeprecated-declarations]
     nanodbc/nanodbc.cpp:3574:26: warning: 'SQLDataSources' is deprecated: first deprecated in macOS 10.8 [-Wdeprecated-declarations]
     nanodbc/nanodbc.cpp:4604:22: warning: 'SQLTables' is deprecated: first deprecated in macOS 10.8 [-Wdeprecated-declarations]
     nanodbc/nanodbc.cpp:4637:22: warning: 'SQLTablePrivileges' is deprecated: first deprecated in macOS 10.8 [-Wdeprecated-declarations]
     nanodbc/nanodbc.cpp:4662:22: warning: 'SQLColumns' is deprecated: first deprecated in macOS 10.8 [-Wdeprecated-declarations]
     nanodbc/nanodbc.cpp:4688:22: warning: 'SQLPrimaryKeys' is deprecated: first deprecated in macOS 10.8 [-Wdeprecated-declarations]
     nanodbc/nanodbc.cpp:4713:22: warning: 'SQLTables' is deprecated: first deprecated in macOS 10.8 [-Wdeprecated-declarations]
     nanodbc/nanodbc.cpp:4747:22: warning: 'SQLTables' is deprecated: first deprecated in macOS 10.8 [-Wdeprecated-declarations]
     nanodbc/nanodbc.cpp:4776:22: warning: 'SQLTables' is deprecated: first deprecated in macOS 10.8 [-Wdeprecated-declarations]
     nanodbc/nanodbc.cpp:1222:34: warning: 'SQLGetInfo' is deprecated: first deprecated in macOS 10.8 [-Wdeprecated-declarations]
     nanodbc/nanodbc.cpp:1972:13: warning: 'SQLBindParameter' is deprecated: first deprecated in macOS 10.8 [-Wdeprecated-declarations]
     nanodbc/nanodbc.cpp:3411:9: warning: 'SQLGetData' is deprecated: first deprecated in macOS 10.8 [-Wdeprecated-declarations]
     connection.cpp:299:3: warning: 'SQLSetConnectAttr' is deprecated: first deprecated in macOS 10.8 [-Wdeprecated-declarations]
    See ‘/Volumes/Builds/packages/big-sur-x86_64/results/4.3/odbc.Rcheck/00install.out’ for details.
    * used C++ compiler: ‘Apple clang version 14.0.3 (clang-1403.0.22.14.1)’
    * used SDK: ‘MacOSX11.3.sdk’
Flavor: r-release-macos-x86_64