Last updated on 2023-12-08 21:58:38 CET.
Flavor | Version | Tinstall | Tcheck | Ttotal | Status | Flags |
---|---|---|---|---|---|---|
r-devel-linux-x86_64-debian-clang | 0.0.4 | 26.85 | 38.72 | 65.57 | NOTE | |
r-devel-linux-x86_64-debian-gcc | 0.0.4 | 18.16 | 29.46 | 47.62 | NOTE | |
r-devel-linux-x86_64-fedora-clang | 0.0.4 | 88.98 | NOTE | |||
r-devel-linux-x86_64-fedora-gcc | 0.0.4 | 96.60 | NOTE | |||
r-devel-windows-x86_64 | 0.0.4 | 19.00 | 75.00 | 94.00 | NOTE | |
r-patched-linux-x86_64 | 0.0.4 | 20.08 | 37.60 | 57.68 | NOTE | |
r-release-linux-x86_64 | 0.0.4 | 22.85 | 37.63 | 60.48 | NOTE | |
r-release-macos-arm64 | 0.0.4 | 36.00 | NOTE | |||
r-release-macos-x86_64 | 0.0.4 | 52.00 | NOTE | |||
r-release-windows-x86_64 | 0.0.4 | 21.00 | 78.00 | 99.00 | NOTE | |
r-oldrel-macos-arm64 | 0.0.4 | 29.00 | NOTE | |||
r-oldrel-macos-x86_64 | 0.0.4 | 38.00 | NOTE | |||
r-oldrel-windows-x86_64 | 0.0.4 | 24.00 | 75.00 | 99.00 | NOTE |
Version: 0.0.4
Check: LazyData
Result: NOTE
'LazyData' is specified without a 'data' directory
Flavors: r-devel-linux-x86_64-debian-clang, r-devel-linux-x86_64-debian-gcc, r-devel-linux-x86_64-fedora-clang, r-devel-linux-x86_64-fedora-gcc, r-devel-windows-x86_64, r-patched-linux-x86_64, r-release-linux-x86_64, r-release-macos-arm64, r-release-macos-x86_64, r-release-windows-x86_64, r-oldrel-macos-arm64, r-oldrel-macos-x86_64, r-oldrel-windows-x86_64