CRAN Package Check Results for Package ompr

Last updated on 2021-04-16 22:51:06 CEST.

Flavor Version Tinstall Tcheck Ttotal Status Flags
r-devel-linux-x86_64-debian-clang 0.8.1 31.09 60.92 92.01 NOTE
r-devel-linux-x86_64-debian-gcc 0.8.1 20.80 42.80 63.60 NOTE
r-devel-linux-x86_64-fedora-clang 0.8.1 125.15 NOTE
r-devel-linux-x86_64-fedora-gcc 0.8.1 111.24 NOTE
r-devel-windows-ix86+x86_64 0.8.1 74.00 102.00 176.00 NOTE
r-devel-windows-x86_64-gcc10-UCRT 0.8.1 NOTE
r-patched-linux-x86_64 0.8.1 24.57 54.52 79.09 OK
r-patched-solaris-x86 0.8.1 128.00 OK
r-release-linux-x86_64 0.8.1 27.06 54.25 81.31 OK
r-release-macos-x86_64 0.8.1 OK
r-release-windows-ix86+x86_64 0.8.1 76.00 118.00 194.00 OK
r-oldrel-macos-x86_64 0.8.1 OK
r-oldrel-windows-ix86+x86_64 0.8.1 50.00 107.00 157.00 OK

Check Details

Version: 0.8.1
Check: LazyData
Result: NOTE
     'LazyData' is specified without a 'data' directory
Flavors: r-devel-linux-x86_64-debian-clang, r-devel-linux-x86_64-debian-gcc, r-devel-linux-x86_64-fedora-clang, r-devel-linux-x86_64-fedora-gcc, r-devel-windows-ix86+x86_64, r-devel-windows-x86_64-gcc10-UCRT