CRAN Package Check Results for Package opalr

Last updated on 2020-01-18 22:48:38 CET.

Flavor Version Tinstall Tcheck Ttotal Status Flags
r-devel-linux-x86_64-debian-clang 1.3.0 7.15 52.73 59.88 OK
r-devel-linux-x86_64-debian-gcc 1.3.0 5.26 40.88 46.14 OK
r-devel-linux-x86_64-fedora-clang 1.3.0 70.73 NOTE
r-devel-linux-x86_64-fedora-gcc 1.3.0 69.12 NOTE
r-devel-windows-ix86+x86_64 1.3.0 24.00 101.00 125.00 OK
r-devel-windows-ix86+x86_64-gcc8 1.3.0 14.00 114.00 128.00 OK
r-patched-linux-x86_64 1.3.0 6.27 47.43 53.70 OK
r-patched-solaris-x86 1.3.0 86.40 NOTE
r-release-linux-x86_64 1.3.0 5.27 47.77 53.04 OK
r-release-windows-ix86+x86_64 1.3.0 17.00 79.00 96.00 OK
r-release-osx-x86_64 1.3.0 NOTE
r-oldrel-windows-ix86+x86_64 1.3.0 11.00 64.00 75.00 OK
r-oldrel-osx-x86_64 1.3.0 NOTE

Check Details

Version: 1.3.0
Check: dependencies in R code
Result: NOTE
    Namespace in Imports field not imported from: ‘xml2’
     All declared Imports should be used.
Flavors: r-devel-linux-x86_64-fedora-clang, r-devel-linux-x86_64-fedora-gcc, r-patched-solaris-x86, r-release-osx-x86_64, r-oldrel-osx-x86_64