Last updated on 2021-04-13 22:53:50 CEST.
Flavor | Version | Tinstall | Tcheck | Ttotal | Status | Flags |
---|---|---|---|---|---|---|
r-devel-linux-x86_64-debian-clang | 1.2.2 | 17.42 | 128.05 | 145.47 | NOTE | |
r-devel-linux-x86_64-debian-gcc | 1.2.2 | 13.10 | 96.18 | 109.28 | NOTE | |
r-devel-linux-x86_64-fedora-clang | 1.2.2 | 179.41 | NOTE | |||
r-devel-linux-x86_64-fedora-gcc | 1.2.2 | 177.72 | NOTE | |||
r-devel-windows-ix86+x86_64 | 1.2.2 | 45.00 | 140.00 | 185.00 | NOTE | |
r-devel-windows-x86_64-gcc10-UCRT | 1.2.2 | NOTE | ||||
r-patched-linux-x86_64 | 1.2.2 | 15.71 | 115.40 | 131.11 | OK | |
r-patched-solaris-x86 | 1.2.2 | 277.00 | NOTE | |||
r-release-linux-x86_64 | 1.2.2 | 16.76 | 115.13 | 131.89 | OK | |
r-release-macos-x86_64 | 1.2.2 | NOTE | ||||
r-release-windows-ix86+x86_64 | 1.2.2 | 32.00 | 176.00 | 208.00 | NOTE | |
r-oldrel-macos-x86_64 | 1.2.2 | NOTE | ||||
r-oldrel-windows-ix86+x86_64 | 1.2.2 | 25.00 | 122.00 | 147.00 | NOTE |
Version: 1.2.2
Check: LazyData
Result: NOTE
'LazyData' is specified without a 'data' directory
Flavors: r-devel-linux-x86_64-debian-clang, r-devel-linux-x86_64-debian-gcc, r-devel-linux-x86_64-fedora-clang, r-devel-linux-x86_64-fedora-gcc, r-devel-windows-ix86+x86_64, r-devel-windows-x86_64-gcc10-UCRT
Version: 1.2.2
Check: installed package size
Result: NOTE
installed size is 9.4Mb
sub-directories of 1Mb or more:
extdata 9.0Mb
Flavors: r-devel-linux-x86_64-fedora-clang, r-devel-windows-ix86+x86_64, r-patched-solaris-x86, r-release-macos-x86_64, r-release-windows-ix86+x86_64, r-oldrel-macos-x86_64, r-oldrel-windows-ix86+x86_64