Last updated on 2023-09-30 22:59:14 CEST.
Flavor | Version | Tinstall | Tcheck | Ttotal | Status | Flags |
---|---|---|---|---|---|---|
r-devel-linux-x86_64-debian-clang | 2.4.0 | 37.15 | 192.85 | 230.00 | OK | |
r-devel-linux-x86_64-debian-gcc | 2.4.0 | 33.14 | 142.84 | 175.98 | OK | |
r-devel-linux-x86_64-fedora-clang | 2.4.0 | 294.12 | NOTE | |||
r-devel-linux-x86_64-fedora-gcc | 2.4.0 | 289.18 | NOTE | |||
r-devel-windows-x86_64 | 2.4.0 | 49.00 | 252.00 | 301.00 | NOTE | |
r-patched-linux-x86_64 | 2.4.0 | 33.21 | 184.98 | 218.19 | OK | |
r-release-linux-x86_64 | 2.4.0 | 26.98 | 185.49 | 212.47 | OK | |
r-release-macos-arm64 | 2.4.0 | 90.00 | NOTE | |||
r-release-macos-x86_64 | 2.4.0 | 137.00 | NOTE | |||
r-release-windows-x86_64 | 2.4.0 | 63.00 | 313.00 | 376.00 | NOTE | |
r-oldrel-macos-arm64 | 2.4.0 | 88.00 | NOTE | |||
r-oldrel-macos-x86_64 | 2.4.0 | 116.00 | NOTE | |||
r-oldrel-windows-x86_64 | 2.4.0 | 65.00 | 275.00 | 340.00 | NOTE |
Version: 2.4.0
Check: installed package size
Result: NOTE
installed size is 5.2Mb
sub-directories of 1Mb or more:
data 4.2Mb
Flavors: r-devel-linux-x86_64-fedora-clang, r-devel-windows-x86_64, r-release-macos-arm64, r-release-macos-x86_64, r-release-windows-x86_64, r-oldrel-macos-arm64, r-oldrel-macos-x86_64, r-oldrel-windows-x86_64
Version: 2.4.0
Check: data for non-ASCII characters
Result: NOTE
Note: found 2524 marked UTF-8 strings
Flavors: r-devel-linux-x86_64-fedora-clang, r-devel-linux-x86_64-fedora-gcc, r-oldrel-macos-arm64, r-oldrel-macos-x86_64