CRAN Package Check Results for Package openssl

Last updated on 2019-08-23 22:50:04 CEST.

Flavor Version Tinstall Tcheck Ttotal Status Flags
r-devel-linux-x86_64-debian-clang 1.4.1 12.74 46.40 59.14 OK
r-devel-linux-x86_64-debian-gcc 1.4.1 OK
r-devel-linux-x86_64-fedora-clang 1.4.1 71.80 OK
r-devel-linux-x86_64-fedora-gcc 1.4.1 72.90 OK
r-devel-windows-ix86+x86_64 1.4.1 75.00 120.00 195.00 ERROR
r-patched-linux-x86_64 1.4.1 9.09 45.69 54.78 OK
r-patched-solaris-x86 1.4.1 140.70 OK
r-release-linux-x86_64 1.4.1 8.51 45.62 54.13 OK
r-release-windows-ix86+x86_64 1.4.1 148.00 161.00 309.00 NOTE
r-release-osx-x86_64 1.4.1 NOTE
r-oldrel-windows-ix86+x86_64 1.4.1 106.00 148.00 254.00 NOTE
r-oldrel-osx-x86_64 1.4.1 NOTE

Additional issues

valgrind

Check Details

Version: 1.4.1
Check: installed package size
Result: NOTE
     installed size is 8.7Mb
     sub-directories of 1Mb or more:
     doc 2.6Mb
     libs 5.6Mb
Flavors: r-devel-windows-ix86+x86_64, r-release-windows-ix86+x86_64, r-release-osx-x86_64, r-oldrel-windows-ix86+x86_64, r-oldrel-osx-x86_64

Version: 1.4.1
Check: running examples for arch ‘x64’
Result: ERROR
    Running examples in 'openssl-Ex.R' failed
    The error most likely occurred in:
    
    > ### Name: cert_verify
    > ### Title: X509 certificates
    > ### Aliases: cert_verify download_ssl_cert ca_bundle
    >
    > ### ** Examples
    >
    > # Verify the r-project HTTPS cert
    > chain <- download_ssl_cert("cloud.r-project.org", 443)
    Error in download_ssl_cert("cloud.r-project.org", 443) :
     Failed to connect to 52.85.183.178 on port 443 (Timeout reached)
    Execution halted
Flavor: r-devel-windows-ix86+x86_64