CRAN Package Check Results for Package openssl

Last updated on 2020-01-18 22:48:38 CET.

Flavor Version Tinstall Tcheck Ttotal Status Flags
r-devel-linux-x86_64-debian-clang 1.4.1 14.69 47.72 62.41 OK
r-devel-linux-x86_64-debian-gcc 1.4.1 7.82 41.08 48.90 OK
r-devel-linux-x86_64-fedora-clang 1.4.1 80.45 NOTE
r-devel-linux-x86_64-fedora-gcc 1.4.1 70.51 NOTE
r-devel-windows-ix86+x86_64 1.4.1 116.00 154.00 270.00 NOTE
r-devel-windows-ix86+x86_64-gcc8 1.4.1 77.00 161.00 238.00 NOTE
r-patched-linux-x86_64 1.4.1 9.36 45.53 54.89 OK
r-patched-solaris-x86 1.4.1 178.20 OK
r-release-linux-x86_64 1.4.1 8.98 46.35 55.33 OK
r-release-windows-ix86+x86_64 1.4.1 123.00 138.00 261.00 NOTE
r-release-osx-x86_64 1.4.1 NOTE
r-oldrel-windows-ix86+x86_64 1.4.1 108.00 125.00 233.00 NOTE
r-oldrel-osx-x86_64 1.4.1 NOTE

Check Details

Version: 1.4.1
Check: top-level files
Result: NOTE
     possible bashism in configure line 34 ($(OS|MACH)TYPE):
     case "$OSTYPE" in "darwin"*)
     possible bashism in configure line 40 (should be '.', not 'source'):
     source autobrew
     possible bashism in configure line 79 ($(OS|MACH)TYPE):
     case "$OSTYPE" in
Flavors: r-devel-linux-x86_64-fedora-clang, r-devel-linux-x86_64-fedora-gcc

Version: 1.4.1
Check: installed package size
Result: NOTE
     installed size is 8.7Mb
     sub-directories of 1Mb or more:
     doc 2.6Mb
     libs 5.6Mb
Flavors: r-devel-windows-ix86+x86_64, r-devel-windows-ix86+x86_64-gcc8, r-release-windows-ix86+x86_64, r-release-osx-x86_64, r-oldrel-windows-ix86+x86_64, r-oldrel-osx-x86_64