CRAN Package Check Results for Package optim.functions

Last updated on 2024-04-13 21:41:44 CEST.

Flavor Version Tinstall Tcheck Ttotal Status Flags
r-devel-linux-x86_64-debian-clang 0.1 2.18 23.61 25.79 NOTE
r-devel-linux-x86_64-debian-gcc 0.1 2.22 18.85 21.07 NOTE
r-devel-linux-x86_64-fedora-clang 0.1 34.18 NOTE
r-devel-linux-x86_64-fedora-gcc 0.1 32.60 NOTE
r-devel-windows-x86_64 0.1 3.00 44.00 47.00 NOTE
r-patched-linux-x86_64 0.1 2.18 23.47 25.65 NOTE
r-release-linux-x86_64 0.1 2.11 23.63 25.74 NOTE
r-release-macos-arm64 0.1 19.00 NOTE
r-release-macos-x86_64 0.1 20.00 NOTE
r-release-windows-x86_64 0.1 4.00 41.00 45.00 NOTE
r-oldrel-macos-arm64 0.1 16.00 NOTE
r-oldrel-windows-x86_64 0.1 4.00 48.00 52.00 NOTE

Check Details

Version: 0.1
Check: LazyData
Result: NOTE 'LazyData' is specified without a 'data' directory Flavors: r-devel-linux-x86_64-debian-clang, r-devel-linux-x86_64-debian-gcc, r-devel-linux-x86_64-fedora-clang, r-devel-linux-x86_64-fedora-gcc, r-devel-windows-x86_64, r-patched-linux-x86_64, r-release-linux-x86_64, r-release-macos-arm64, r-release-macos-x86_64, r-release-windows-x86_64, r-oldrel-macos-arm64, r-oldrel-windows-x86_64