Last updated on 2024-04-19 22:55:56 CEST.
Flavor | Version | Tinstall | Tcheck | Ttotal | Status | Flags |
---|---|---|---|---|---|---|
r-devel-linux-x86_64-debian-clang | 0.0.2 | 2.09 | 36.32 | 38.41 | OK | |
r-devel-linux-x86_64-debian-gcc | 0.0.2 | OK | ||||
r-devel-linux-x86_64-fedora-clang | 0.0.2 | 50.01 | NOTE | |||
r-devel-linux-x86_64-fedora-gcc | 0.0.2 | 59.51 | OK | |||
r-prerel-macos-arm64 | 0.0.2 | 24.00 | OK | |||
r-prerel-windows-x86_64 | 0.0.2 | 5.00 | 50.00 | 55.00 | OK | |
r-patched-linux-x86_64 | 0.0.2 | 1.87 | 34.37 | 36.24 | OK | |
r-release-linux-x86_64 | 0.0.2 | 2.42 | 33.45 | 35.87 | OK | |
r-release-macos-arm64 | 0.0.2 | 25.00 | OK | |||
r-release-macos-x86_64 | 0.0.2 | 58.00 | OK | |||
r-release-windows-x86_64 | 0.0.2 | 3.00 | 50.00 | 53.00 | OK | |
r-oldrel-macos-arm64 | 0.0.2 | 25.00 | OK | |||
r-oldrel-windows-x86_64 | 0.0.2 | 4.00 | 52.00 | 56.00 | OK |
Version: 0.0.2
Check: Rd cross-references
Result: NOTE
Undeclared package ‘tibble’ in Rd xrefs
Flavor: r-devel-linux-x86_64-fedora-clang