CRAN Package Check Results for Package optmatch

Last updated on 2023-02-05 22:59:28 CET.

Flavor Version Tinstall Tcheck Ttotal Status Flags
r-devel-linux-x86_64-debian-clang 0.10.5 48.92 149.87 198.79 ERROR
r-devel-linux-x86_64-debian-gcc 0.10.5 38.88 109.23 148.11 NOTE
r-devel-linux-x86_64-fedora-clang 0.10.5 267.68 NOTE
r-devel-linux-x86_64-fedora-gcc 0.10.5 220.03 NOTE
r-devel-windows-x86_64 0.10.5 141.00 213.00 354.00 ERROR
r-patched-linux-x86_64 0.10.5 40.24 137.37 177.61 NOTE
r-release-linux-x86_64 0.10.5 39.96 130.72 170.68 ERROR
r-release-macos-arm64 0.10.5 58.00 NOTE
r-release-macos-x86_64 0.10.5 89.00 NOTE
r-release-windows-x86_64 0.10.5 149.00 213.00 362.00 ERROR
r-oldrel-macos-arm64 0.10.5 59.00 NOTE
r-oldrel-macos-x86_64 0.10.5 91.00 NOTE
r-oldrel-windows-ix86+x86_64 0.10.5 110.00 276.00 386.00 WARN

Check Details

Version: 0.10.5
Check: package dependencies
Result: NOTE
    Package suggested but not available for checking: ‘rrelaxiv’
Flavors: r-devel-linux-x86_64-debian-clang, r-devel-linux-x86_64-debian-gcc, r-devel-linux-x86_64-fedora-clang, r-devel-linux-x86_64-fedora-gcc, r-devel-windows-x86_64, r-patched-linux-x86_64, r-release-linux-x86_64, r-release-macos-arm64, r-release-macos-x86_64, r-release-windows-x86_64, r-oldrel-macos-arm64, r-oldrel-macos-x86_64, r-oldrel-windows-ix86+x86_64

Version: 0.10.5
Check: re-building of vignette outputs
Result: ERROR
    Error(s) in re-building vignettes:
     ...
    --- re-building ‘fullmatch-vignette.Rmd’ using rmarkdown
    Quitting from lines 458-466 (fullmatch-vignette.Rmd)
    Error: processing vignette ‘fullmatch-vignette.Rmd’ failed with diagnostics:
    Problem while computing aesthetics.
    ℹ Error occurred in the 1st layer.
    Caused by error in `scale_f()`:
    ! A continuous variable cannot be mapped to the shape aesthetic
    ℹ choose a different aesthetic or use `scale_shape_binned()`
    --- failed re-building ‘fullmatch-vignette.Rmd’
    
    --- re-building ‘matching-from-foreign-software.Rmd’ using rmarkdown
    --- finished re-building ‘matching-from-foreign-software.Rmd’
    
    --- re-building ‘matching-within-subgroups.Rmd’ using rmarkdown
    --- finished re-building ‘matching-within-subgroups.Rmd’
    
    SUMMARY: processing the following file failed:
     ‘fullmatch-vignette.Rmd’
    
    Error: Vignette re-building failed.
    Execution halted
Flavors: r-devel-linux-x86_64-debian-clang, r-release-linux-x86_64

Version: 0.10.5
Check: re-building of vignette outputs
Result: ERROR
    Error(s) in re-building vignettes:
    --- re-building 'fullmatch-vignette.Rmd' using rmarkdown
    Quitting from lines 458-466 (fullmatch-vignette.Rmd)
    Error: processing vignette 'fullmatch-vignette.Rmd' failed with diagnostics:
    Problem while computing aesthetics.
    ℹ Error occurred in the 1st layer.
    Caused by error in `scale_f()`:
    ! A continuous variable cannot be mapped to the shape aesthetic
    ℹ choose a different aesthetic or use `scale_shape_binned()`
    --- failed re-building 'fullmatch-vignette.Rmd'
    
    --- re-building 'matching-from-foreign-software.Rmd' using rmarkdown
    --- finished re-building 'matching-from-foreign-software.Rmd'
    
    --- re-building 'matching-within-subgroups.Rmd' using rmarkdown
    --- finished re-building 'matching-within-subgroups.Rmd'
    
    SUMMARY: processing the following file failed:
     'fullmatch-vignette.Rmd'
    
    Error: Vignette re-building failed.
    Execution halted
Flavors: r-devel-windows-x86_64, r-release-windows-x86_64

Version: 0.10.5
Check: installed package size
Result: NOTE
     installed size is 5.2Mb
     sub-directories of 1Mb or more:
     doc 2.3Mb
     libs 2.1Mb
Flavor: r-oldrel-windows-ix86+x86_64

Version: 0.10.5
Check: re-building of vignette outputs
Result: WARN
    Error(s) in re-building vignettes:
    --- re-building 'fullmatch-vignette.Rmd' using rmarkdown
    Quitting from lines 458-466 (fullmatch-vignette.Rmd)
    Error: processing vignette 'fullmatch-vignette.Rmd' failed with diagnostics:
    Problem while computing aesthetics.
    i Error occurred in the 1st layer.
    Caused by error in `scale_f()`:
    ! A continuous variable cannot be mapped to the shape aesthetic
    i choose a different aesthetic or use `scale_shape_binned()`
    --- failed re-building 'fullmatch-vignette.Rmd'
    
    --- re-building 'matching-from-foreign-software.Rmd' using rmarkdown
    --- finished re-building 'matching-from-foreign-software.Rmd'
    
    --- re-building 'matching-within-subgroups.Rmd' using rmarkdown
    --- finished re-building 'matching-within-subgroups.Rmd'
    
    SUMMARY: processing the following file failed:
     'fullmatch-vignette.Rmd'
    
    Error: Vignette re-building failed.
    Execution halted
Flavor: r-oldrel-windows-ix86+x86_64