CRAN Package Check Results for Package optpart

Last updated on 2018-09-23 22:47:06 CEST.

Flavor Version Tinstall Tcheck Ttotal Status Flags
r-devel-linux-x86_64-debian-clang 2.3-0 8.15 78.67 86.82 OK
r-devel-linux-x86_64-debian-gcc 2.3-0 6.97 63.29 70.26 OK
r-devel-linux-x86_64-fedora-clang 2.3-0 101.69 NOTE
r-devel-linux-x86_64-fedora-gcc 2.3-0 99.79 NOTE
r-devel-windows-ix86+x86_64 2.3-0 32.00 131.00 163.00 OK
r-patched-linux-x86_64 2.3-0 6.64 68.73 75.37 OK
r-patched-solaris-x86 2.3-0 153.60 OK
r-release-linux-x86_64 2.3-0 7.31 69.06 76.37 OK
r-release-windows-ix86+x86_64 2.3-0 22.00 149.00 171.00 OK
r-release-osx-x86_64 2.3-0 OK
r-oldrel-windows-ix86+x86_64 2.3-0 19.00 143.00 162.00 OK
r-oldrel-osx-x86_64 2.3-0 OK

Check Details

Version: 2.3-0
Check: compiled code
Result: NOTE
    File ‘optpart/libs/optpart.so’:
     Found no calls to: ‘R_registerRoutines’, ‘R_useDynamicSymbols’
    
    It is good practice to register native routines and to disable symbol
    search.
    
    See ‘Writing portable packages’ in the ‘Writing R Extensions’ manual.
Flavors: r-devel-linux-x86_64-fedora-clang, r-devel-linux-x86_64-fedora-gcc