CRAN Package Check Results for Package optpart

Last updated on 2018-06-19 22:54:05 CEST.

Flavor Version Tinstall Tcheck Ttotal Status Flags
r-devel-linux-x86_64-debian-clang 2.3-0 6.52 78.93 85.45 NOTE
r-devel-linux-x86_64-debian-gcc 2.3-0 6.70 62.17 68.87 NOTE
r-devel-linux-x86_64-fedora-clang 2.3-0 101.08 NOTE
r-devel-linux-x86_64-fedora-gcc 2.3-0 98.89 NOTE
r-devel-windows-ix86+x86_64 2.3-0 31.00 165.00 196.00 OK
r-patched-linux-x86_64 2.3-0 7.00 70.57 77.57 NOTE
r-patched-solaris-x86 2.3-0 156.00 OK
r-release-linux-x86_64 2.3-0 9.03 70.74 79.77 NOTE
r-release-windows-ix86+x86_64 2.3-0 23.00 140.00 163.00 OK
r-release-osx-x86_64 2.3-0 OK
r-oldrel-windows-ix86+x86_64 2.3-0 22.00 140.00 162.00 OK
r-oldrel-osx-x86_64 2.3-0 OK

Check Details

Version: 2.3-0
Check: compiled code
Result: NOTE
    File ‘optpart/libs/optpart.so’:
     Found no calls to: ‘R_registerRoutines’, ‘R_useDynamicSymbols’
    
    It is good practice to register native routines and to disable symbol
    search.
    
    See ‘Writing portable packages’ in the ‘Writing R Extensions’ manual.
Flavors: r-devel-linux-x86_64-debian-clang, r-devel-linux-x86_64-debian-gcc, r-devel-linux-x86_64-fedora-clang, r-devel-linux-x86_64-fedora-gcc, r-patched-linux-x86_64, r-release-linux-x86_64