Last updated on 2024-04-17 23:00:01 CEST.
Flavor | Version | Tinstall | Tcheck | Ttotal | Status | Flags |
---|---|---|---|---|---|---|
r-devel-linux-x86_64-debian-clang | 0.1-1 | 64.72 | 83.38 | 148.10 | NOTE | |
r-devel-linux-x86_64-debian-gcc | 0.1-1 | 40.28 | 60.97 | 101.25 | NOTE | |
r-devel-linux-x86_64-fedora-clang | 0.1-1 | 204.39 | NOTE | |||
r-devel-linux-x86_64-fedora-gcc | 0.1-1 | 181.25 | NOTE | |||
r-prerel-macos-arm64 | 0.1-1 | 45.00 | NOTE | |||
r-prerel-windows-x86_64 | 0.1-1 | 46.00 | 91.00 | 137.00 | NOTE | |
r-patched-linux-x86_64 | 0.1-1 | 57.61 | 77.28 | 134.89 | NOTE | |
r-release-linux-x86_64 | 0.1-1 | 49.80 | 82.59 | 132.39 | NOTE | |
r-release-macos-arm64 | 0.1-1 | 51.00 | NOTE | |||
r-release-macos-x86_64 | 0.1-1 | 88.00 | NOTE | |||
r-release-windows-x86_64 | 0.1-1 | 58.00 | 110.00 | 168.00 | NOTE | |
r-oldrel-macos-arm64 | 0.1-1 | 46.00 | NOTE | |||
r-oldrel-windows-x86_64 | 0.1-1 | 54.00 | 110.00 | 164.00 | NOTE |
Version: 0.1-1
Check: LazyData
Result: NOTE
'LazyData' is specified without a 'data' directory
Flavors: r-devel-linux-x86_64-debian-clang, r-devel-linux-x86_64-debian-gcc, r-devel-linux-x86_64-fedora-clang, r-devel-linux-x86_64-fedora-gcc, r-prerel-macos-arm64, r-prerel-windows-x86_64, r-patched-linux-x86_64, r-release-linux-x86_64, r-release-macos-arm64, r-release-macos-x86_64, r-release-windows-x86_64, r-oldrel-macos-arm64, r-oldrel-windows-x86_64