Last updated on 2023-06-09 22:58:34 CEST.
Flavor | Version | Tinstall | Tcheck | Ttotal | Status | Flags |
---|---|---|---|---|---|---|
r-devel-linux-x86_64-debian-clang | 0.1.1 | 41.93 | 363.75 | 405.68 | OK | |
r-devel-linux-x86_64-debian-gcc | 0.1.1 | 30.14 | 272.96 | 303.10 | OK | |
r-devel-linux-x86_64-fedora-clang | 0.1.1 | 536.27 | NOTE | |||
r-devel-linux-x86_64-fedora-gcc | 0.1.1 | 541.95 | NOTE | |||
r-devel-windows-x86_64 | 0.1.1 | 32.00 | 431.00 | 463.00 | OK | |
r-patched-linux-x86_64 | 0.1.1 | 36.91 | 340.49 | 377.40 | OK | |
r-release-linux-x86_64 | 0.1.1 | 35.57 | 337.17 | 372.74 | OK | |
r-release-macos-arm64 | 0.1.1 | 243.00 | OK | |||
r-release-macos-x86_64 | 0.1.1 | 349.00 | OK | |||
r-release-windows-x86_64 | 0.1.1 | 45.00 | 538.00 | 583.00 | OK | |
r-oldrel-macos-arm64 | 0.1.1 | 255.00 | NOTE | |||
r-oldrel-macos-x86_64 | 0.1.1 | 307.00 | NOTE | |||
r-oldrel-windows-x86_64 | 0.1.1 | 54.00 | 585.00 | 639.00 | OK |
Version: 0.1.1
Check: dependencies in R code
Result: NOTE
Namespace in Imports field not imported from: ‘devtools’
All declared Imports should be used.
Flavors: r-devel-linux-x86_64-fedora-clang, r-devel-linux-x86_64-fedora-gcc, r-oldrel-macos-arm64, r-oldrel-macos-x86_64