Last updated on 2024-04-18 22:52:51 CEST.
Flavor | Version | Tinstall | Tcheck | Ttotal | Status | Flags |
---|---|---|---|---|---|---|
r-devel-linux-x86_64-debian-clang | 0.1.1 | 55.28 | 436.82 | 492.10 | OK | |
r-devel-linux-x86_64-debian-gcc | 0.1.1 | 43.04 | 318.00 | 361.04 | OK | |
r-devel-linux-x86_64-fedora-clang | 0.1.1 | 630.34 | NOTE | |||
r-devel-linux-x86_64-fedora-gcc | 0.1.1 | 660.90 | NOTE | |||
r-prerel-macos-arm64 | 0.1.1 | 208.00 | OK | |||
r-prerel-macos-x86_64 | 0.1.1 | 508.00 | OK | |||
r-prerel-windows-x86_64 | 0.1.1 | 39.00 | 476.00 | 515.00 | OK | |
r-patched-linux-x86_64 | 0.1.1 | 39.78 | 419.19 | 458.97 | OK | |
r-release-linux-x86_64 | 0.1.1 | 41.24 | 418.69 | 459.93 | OK | |
r-release-macos-arm64 | 0.1.1 | 243.00 | OK | |||
r-release-macos-x86_64 | 0.1.1 | 349.00 | OK | |||
r-release-windows-x86_64 | 0.1.1 | 55.00 | 601.00 | 656.00 | OK | |
r-oldrel-macos-arm64 | 0.1.1 | 255.00 | NOTE | |||
r-oldrel-windows-x86_64 | 0.1.1 | 61.00 | 613.00 | 674.00 | OK |
Version: 0.1.1
Check: dependencies in R code
Result: NOTE
Namespace in Imports field not imported from: ‘devtools’
All declared Imports should be used.
Flavors: r-devel-linux-x86_64-fedora-clang, r-devel-linux-x86_64-fedora-gcc, r-oldrel-macos-arm64