CRAN Package Check Results for Package ores

Last updated on 2023-09-23 23:00:53 CEST.

Flavor Version Tinstall Tcheck Ttotal Status Flags
r-devel-linux-x86_64-debian-clang 0.3.2 1.68 25.37 27.05 NOTE
r-devel-linux-x86_64-debian-gcc 0.3.2 1.57 20.34 21.91 NOTE
r-devel-linux-x86_64-fedora-clang 0.3.2 35.55 NOTE
r-devel-linux-x86_64-fedora-gcc 0.3.2 45.89 NOTE
r-devel-windows-x86_64 0.3.2 4.00 47.00 51.00 NOTE
r-patched-linux-x86_64 0.3.2 2.07 24.92 26.99 NOTE
r-release-linux-x86_64 0.3.2 1.79 24.66 26.45 NOTE
r-release-macos-arm64 0.3.2 27.00 NOTE
r-release-macos-x86_64 0.3.2 37.00 NOTE
r-release-windows-x86_64 0.3.2 4.00 45.00 49.00 NOTE
r-oldrel-macos-arm64 0.3.2 24.00 NOTE
r-oldrel-macos-x86_64 0.3.2 30.00 NOTE
r-oldrel-windows-x86_64 0.3.2 5.00 53.00 58.00 NOTE

Check Details

Version: 0.3.2
Check: LazyData
Result: NOTE
     'LazyData' is specified without a 'data' directory
Flavors: r-devel-linux-x86_64-debian-clang, r-devel-linux-x86_64-debian-gcc, r-devel-linux-x86_64-fedora-clang, r-devel-linux-x86_64-fedora-gcc, r-devel-windows-x86_64, r-patched-linux-x86_64, r-release-linux-x86_64, r-release-macos-arm64, r-release-macos-x86_64, r-release-windows-x86_64, r-oldrel-macos-arm64, r-oldrel-macos-x86_64, r-oldrel-windows-x86_64