Last updated on 2023-09-26 23:04:20 CEST.
Flavor | Version | Tinstall | Tcheck | Ttotal | Status | Flags |
---|---|---|---|---|---|---|
r-devel-linux-x86_64-debian-clang | 0.11.4 | 17.74 | 132.34 | 150.08 | OK | |
r-devel-linux-x86_64-debian-gcc | 0.11.4 | 15.52 | 96.53 | 112.05 | OK | |
r-devel-linux-x86_64-fedora-clang | 0.11.4 | 183.03 | NOTE | |||
r-devel-linux-x86_64-fedora-gcc | 0.11.4 | 185.42 | OK | |||
r-devel-windows-x86_64 | 0.11.4 | 18.00 | 127.00 | 145.00 | NOTE | |
r-patched-linux-x86_64 | 0.11.4 | 23.58 | 122.70 | 146.28 | OK | |
r-release-linux-x86_64 | 0.11.4 | 18.52 | 122.90 | 141.42 | OK | |
r-release-macos-arm64 | 0.11.4 | 51.00 | NOTE | |||
r-release-macos-x86_64 | 0.11.4 | 90.00 | NOTE | |||
r-release-windows-x86_64 | 0.11.4 | 25.00 | 156.00 | 181.00 | NOTE | |
r-oldrel-macos-arm64 | 0.11.4 | 48.00 | NOTE | |||
r-oldrel-macos-x86_64 | 0.11.4 | 67.00 | NOTE | |||
r-oldrel-windows-x86_64 | 0.11.4 | 26.00 | 130.00 | 156.00 | NOTE |
Version: 0.11.4
Check: installed package size
Result: NOTE
installed size is 6.7Mb
sub-directories of 1Mb or more:
R 1.0Mb
nifti 3.8Mb
Flavors: r-devel-linux-x86_64-fedora-clang, r-devel-windows-x86_64, r-release-macos-arm64, r-release-macos-x86_64, r-release-windows-x86_64, r-oldrel-macos-arm64, r-oldrel-macos-x86_64, r-oldrel-windows-x86_64