Last updated on 2021-04-12 22:51:10 CEST.
Flavor | Version | Tinstall | Tcheck | Ttotal | Status | Flags |
---|---|---|---|---|---|---|
r-devel-linux-x86_64-debian-clang | 0.1.0 | 4.69 | 22.92 | 27.61 | NOTE | |
r-devel-linux-x86_64-debian-gcc | 0.1.0 | 3.49 | 17.75 | 21.24 | NOTE | |
r-devel-linux-x86_64-fedora-clang | 0.1.0 | 42.25 | NOTE | |||
r-devel-linux-x86_64-fedora-gcc | 0.1.0 | 33.02 | NOTE | |||
r-devel-windows-ix86+x86_64 | 0.1.0 | 7.00 | 34.00 | 41.00 | NOTE | |
r-devel-windows-x86_64-gcc10-UCRT | 0.1.0 | NOTE | ||||
r-patched-linux-x86_64 | 0.1.0 | 3.52 | 22.05 | 25.57 | OK | |
r-patched-solaris-x86 | 0.1.0 | 49.40 | NOTE | |||
r-release-linux-x86_64 | 0.1.0 | 4.30 | 22.04 | 26.34 | OK | |
r-release-macos-x86_64 | 0.1.0 | NOTE | ||||
r-release-windows-ix86+x86_64 | 0.1.0 | 6.00 | 38.00 | 44.00 | OK | |
r-oldrel-macos-x86_64 | 0.1.0 | NOTE | ||||
r-oldrel-windows-ix86+x86_64 | 0.1.0 | 6.00 | 28.00 | 34.00 | OK |
Version: 0.1.0
Check: LazyData
Result: NOTE
'LazyData' is specified without a 'data' directory
Flavors: r-devel-linux-x86_64-debian-clang, r-devel-linux-x86_64-debian-gcc, r-devel-linux-x86_64-fedora-clang, r-devel-linux-x86_64-fedora-gcc, r-devel-windows-ix86+x86_64, r-devel-windows-x86_64-gcc10-UCRT
Version: 0.1.0
Check: dependencies in R code
Result: NOTE
Namespaces in Imports field not imported from:
‘R6’ ‘openssl’
All declared Imports should be used.
Flavors: r-devel-linux-x86_64-fedora-clang, r-devel-linux-x86_64-fedora-gcc, r-devel-windows-x86_64-gcc10-UCRT, r-patched-solaris-x86, r-release-macos-x86_64, r-oldrel-macos-x86_64