CRAN Package Check Results for Package otpr

Last updated on 2019-08-25 22:47:07 CEST.

Flavor Version Tinstall Tcheck Ttotal Status Flags
r-devel-linux-x86_64-debian-clang 0.1.0 1.94 18.54 20.48 OK
r-devel-linux-x86_64-debian-gcc 0.1.0 1.75 15.28 17.03 OK
r-devel-linux-x86_64-fedora-clang 0.1.0 24.81 NOTE
r-devel-linux-x86_64-fedora-gcc 0.1.0 26.00 NOTE
r-devel-windows-ix86+x86_64 0.1.0 6.00 33.00 39.00 OK
r-patched-linux-x86_64 0.1.0 1.63 18.56 20.19 OK
r-patched-solaris-x86 0.1.0 39.70 NOTE
r-release-linux-x86_64 0.1.0 1.77 18.56 20.33 OK
r-release-windows-ix86+x86_64 0.1.0 8.00 42.00 50.00 OK
r-release-osx-x86_64 0.1.0 NOTE
r-oldrel-windows-ix86+x86_64 0.1.0 3.00 36.00 39.00 OK
r-oldrel-osx-x86_64 0.1.0 NOTE

Check Details

Version: 0.1.0
Check: dependencies in R code
Result: NOTE
    Namespace in Imports field not imported from: ‘curl’
     All declared Imports should be used.
Flavors: r-devel-linux-x86_64-fedora-clang, r-devel-linux-x86_64-fedora-gcc, r-patched-solaris-x86, r-release-osx-x86_64, r-oldrel-osx-x86_64