CRAN Package Check Results for Package pacbpred

Last updated on 2018-06-19 22:54:05 CEST.

Flavor Version Tinstall Tcheck Ttotal Status Flags
r-devel-linux-x86_64-debian-clang 0.92.2 1.16 22.34 23.50 NOTE
r-devel-linux-x86_64-debian-gcc 0.92.2 1.12 17.76 18.88 NOTE
r-devel-linux-x86_64-fedora-clang 0.92.2 28.96 NOTE
r-devel-linux-x86_64-fedora-gcc 0.92.2 26.79 NOTE
r-devel-windows-ix86+x86_64 0.92.2 4.00 32.00 36.00 NOTE
r-patched-linux-x86_64 0.92.2 1.52 21.22 22.74 NOTE
r-patched-solaris-x86 0.92.2 40.10 NOTE
r-release-linux-x86_64 0.92.2 1.28 21.19 22.47 NOTE
r-release-windows-ix86+x86_64 0.92.2 5.00 32.00 37.00 NOTE
r-release-osx-x86_64 0.92.2 NOTE
r-oldrel-windows-ix86+x86_64 0.92.2 2.00 31.00 33.00 NOTE
r-oldrel-osx-x86_64 0.92.2 NOTE

Check Details

Version: 0.92.2
Check: DESCRIPTION meta-information
Result: NOTE
    Malformed Title field: should not end in a period.
Flavors: r-devel-linux-x86_64-debian-clang, r-devel-linux-x86_64-debian-gcc, r-devel-linux-x86_64-fedora-clang, r-devel-linux-x86_64-fedora-gcc, r-devel-windows-ix86+x86_64, r-patched-linux-x86_64, r-patched-solaris-x86, r-release-linux-x86_64, r-release-windows-ix86+x86_64, r-release-osx-x86_64, r-oldrel-windows-ix86+x86_64, r-oldrel-osx-x86_64

Version: 0.92.2
Check: R code for possible problems
Result: NOTE
    pacbpred : thetaFunc: no visible global function definition for ‘lsfit’
    pacbpred : thetaFunc: no visible global function definition for ‘rnorm’
    pacbpred: no visible global function definition for ‘var’
    pacbpred: no visible global function definition for ‘runif’
    pacbpred: no visible global function definition for ‘rnorm’
    pacbpred: no visible global function definition for ‘rbinom’
    Undefined global functions or variables:
     lsfit rbinom rnorm runif var
    Consider adding
     importFrom("stats", "lsfit", "rbinom", "rnorm", "runif", "var")
    to your NAMESPACE file.
Flavors: r-devel-linux-x86_64-debian-clang, r-devel-linux-x86_64-debian-gcc, r-devel-linux-x86_64-fedora-clang, r-devel-linux-x86_64-fedora-gcc, r-devel-windows-ix86+x86_64, r-patched-linux-x86_64, r-patched-solaris-x86, r-release-linux-x86_64, r-release-windows-ix86+x86_64, r-release-osx-x86_64, r-oldrel-windows-ix86+x86_64, r-oldrel-osx-x86_64