Last updated on 2023-09-28 23:08:53 CEST.
Flavor | Version | Tinstall | Tcheck | Ttotal | Status | Flags |
---|---|---|---|---|---|---|
r-devel-linux-x86_64-debian-clang | 0.1.1 | 4.68 | 38.96 | 43.64 | NOTE | |
r-devel-linux-x86_64-debian-gcc | 0.1.1 | 3.55 | 29.06 | 32.61 | NOTE | |
r-devel-linux-x86_64-fedora-clang | 0.1.1 | 53.10 | NOTE | |||
r-devel-linux-x86_64-fedora-gcc | 0.1.1 | 50.75 | NOTE | |||
r-devel-windows-x86_64 | 0.1.1 | 5.00 | 51.00 | 56.00 | NOTE | |
r-patched-linux-x86_64 | 0.1.1 | 4.70 | 36.92 | 41.62 | NOTE | |
r-release-linux-x86_64 | 0.1.1 | 4.44 | 36.36 | 40.80 | NOTE | |
r-release-macos-arm64 | 0.1.1 | 21.00 | NOTE | |||
r-release-macos-x86_64 | 0.1.1 | 33.00 | NOTE | |||
r-release-windows-x86_64 | 0.1.1 | 6.00 | 53.00 | 59.00 | NOTE | |
r-oldrel-macos-arm64 | 0.1.1 | 22.00 | NOTE | |||
r-oldrel-macos-x86_64 | 0.1.1 | 39.00 | NOTE | |||
r-oldrel-windows-x86_64 | 0.1.1 | 6.00 | 56.00 | 62.00 | NOTE |
Version: 0.1.1
Check: Rd metadata
Result: NOTE
Invalid package aliases in Rd file 'packagetracker.Rd':
‘packagetracker-package’
Flavors: r-devel-linux-x86_64-debian-clang, r-devel-linux-x86_64-debian-gcc, r-devel-linux-x86_64-fedora-clang, r-devel-linux-x86_64-fedora-gcc, r-devel-windows-x86_64
Version: 0.1.1
Check: LazyData
Result: NOTE
'LazyData' is specified without a 'data' directory
Flavors: r-devel-linux-x86_64-debian-clang, r-devel-linux-x86_64-debian-gcc, r-devel-linux-x86_64-fedora-clang, r-devel-linux-x86_64-fedora-gcc, r-devel-windows-x86_64, r-patched-linux-x86_64, r-release-linux-x86_64, r-release-macos-arm64, r-release-macos-x86_64, r-release-windows-x86_64, r-oldrel-macos-arm64, r-oldrel-macos-x86_64, r-oldrel-windows-x86_64