Last updated on 2023-11-29 23:02:44 CET.
Flavor | Version | Tinstall | Tcheck | Ttotal | Status | Flags |
---|---|---|---|---|---|---|
r-devel-linux-x86_64-debian-clang | 0.5.1 | 2.86 | 35.56 | 38.42 | OK | |
r-devel-linux-x86_64-debian-gcc | 0.5.1 | 3.25 | 27.57 | 30.82 | OK | |
r-devel-linux-x86_64-fedora-clang | 0.5.1 | 49.70 | NOTE | |||
r-devel-linux-x86_64-fedora-gcc | 0.5.1 | 49.75 | OK | |||
r-devel-windows-x86_64 | 0.5.1 | 5.00 | 63.00 | 68.00 | OK | |
r-patched-linux-x86_64 | 0.5.1 | 4.80 | 34.78 | 39.58 | OK | |
r-release-linux-x86_64 | 0.5.1 | 4.09 | 34.07 | 38.16 | OK | |
r-release-macos-arm64 | 0.5.1 | 20.00 | OK | |||
r-release-macos-x86_64 | 0.5.1 | 30.00 | OK | |||
r-release-windows-x86_64 | 0.5.1 | 6.00 | 57.00 | 63.00 | OK | |
r-oldrel-macos-arm64 | 0.5.1 | 31.00 | OK | |||
r-oldrel-macos-x86_64 | 0.5.1 | 27.00 | OK | |||
r-oldrel-windows-x86_64 | 0.5.1 | 7.00 | 60.00 | 67.00 | OK |
Version: 0.5.1
Check: Rd cross-references
Result: NOTE
Undeclared package ‘devtools’ in Rd xrefs
Flavor: r-devel-linux-x86_64-fedora-clang