Last updated on 2024-04-17 23:00:01 CEST.
Flavor | Version | Tinstall | Tcheck | Ttotal | Status | Flags |
---|---|---|---|---|---|---|
r-devel-linux-x86_64-debian-clang | 0.1.4 | 2.88 | 41.31 | 44.19 | NOTE | |
r-devel-linux-x86_64-debian-gcc | 0.1.4 | 1.94 | 31.49 | 33.43 | NOTE | |
r-devel-linux-x86_64-fedora-clang | 0.1.4 | 55.54 | NOTE | |||
r-devel-linux-x86_64-fedora-gcc | 0.1.4 | 52.90 | NOTE | |||
r-prerel-macos-arm64 | 0.1.4 | 19.00 | NOTE | |||
r-prerel-windows-x86_64 | 0.1.4 | 3.00 | 50.00 | 53.00 | NOTE | |
r-patched-linux-x86_64 | 0.1.4 | 2.94 | 39.53 | 42.47 | NOTE | |
r-release-linux-x86_64 | 0.1.4 | 2.47 | 39.97 | 42.44 | NOTE | |
r-release-macos-arm64 | 0.1.4 | 20.00 | NOTE | |||
r-release-macos-x86_64 | 0.1.4 | 29.00 | NOTE | |||
r-release-windows-x86_64 | 0.1.4 | 4.00 | 56.00 | 60.00 | NOTE | |
r-oldrel-macos-arm64 | 0.1.4 | 20.00 | NOTE | |||
r-oldrel-windows-x86_64 | 0.1.4 | 4.00 | 59.00 | 63.00 | NOTE |
Version: 0.1.4
Check: LazyData
Result: NOTE
'LazyData' is specified without a 'data' directory
Flavors: r-devel-linux-x86_64-debian-clang, r-devel-linux-x86_64-debian-gcc, r-devel-linux-x86_64-fedora-clang, r-devel-linux-x86_64-fedora-gcc, r-prerel-macos-arm64, r-prerel-windows-x86_64, r-patched-linux-x86_64, r-release-linux-x86_64, r-release-macos-arm64, r-release-macos-x86_64, r-release-windows-x86_64, r-oldrel-macos-arm64, r-oldrel-windows-x86_64