CRAN Package Check Results for Package paleomorph

Last updated on 2023-09-25 22:12:46 CEST.

Flavor Version Tinstall Tcheck Ttotal Status Flags
r-devel-linux-x86_64-debian-clang 0.1.4 2.48 41.05 43.53 NOTE
r-devel-linux-x86_64-debian-gcc 0.1.4 2.14 31.13 33.27 NOTE
r-devel-linux-x86_64-fedora-clang 0.1.4 54.18 NOTE
r-devel-linux-x86_64-fedora-gcc 0.1.4 52.14 NOTE
r-devel-windows-x86_64 0.1.4 5.00 52.00 57.00 NOTE
r-patched-linux-x86_64 0.1.4 2.42 39.76 42.18 NOTE
r-release-linux-x86_64 0.1.4 1.80 40.59 42.39 NOTE
r-release-macos-arm64 0.1.4 20.00 NOTE
r-release-macos-x86_64 0.1.4 29.00 NOTE
r-release-windows-x86_64 0.1.4 5.00 54.00 59.00 NOTE
r-oldrel-macos-arm64 0.1.4 20.00 NOTE
r-oldrel-macos-x86_64 0.1.4 28.00 NOTE
r-oldrel-windows-x86_64 0.1.4 5.00 57.00 62.00 NOTE

Check Details

Version: 0.1.4
Check: LazyData
Result: NOTE
     'LazyData' is specified without a 'data' directory
Flavors: r-devel-linux-x86_64-debian-clang, r-devel-linux-x86_64-debian-gcc, r-devel-linux-x86_64-fedora-clang, r-devel-linux-x86_64-fedora-gcc, r-devel-windows-x86_64, r-patched-linux-x86_64, r-release-linux-x86_64, r-release-macos-arm64, r-release-macos-x86_64, r-release-windows-x86_64, r-oldrel-macos-arm64, r-oldrel-macos-x86_64, r-oldrel-windows-x86_64