CRAN Package Check Results for Package paleotree

Last updated on 2019-12-11 22:51:16 CET.

Flavor Version Tinstall Tcheck Ttotal Status Flags
r-devel-linux-x86_64-debian-clang 3.3.0 22.75 211.53 234.28 ERROR
r-devel-linux-x86_64-debian-gcc 3.3.0 20.76 153.02 173.78 ERROR
r-devel-linux-x86_64-fedora-clang 3.3.0 338.06 NOTE
r-devel-linux-x86_64-fedora-gcc 3.3.0 329.55 NOTE
r-devel-windows-ix86+x86_64 3.3.0 35.00 342.00 377.00 OK
r-devel-windows-ix86+x86_64-gcc8 3.3.0 38.00 357.00 395.00 OK
r-patched-linux-x86_64 3.3.0 20.68 233.34 254.02 OK
r-patched-solaris-x86 3.3.0 379.50 NOTE
r-release-linux-x86_64 3.3.0 21.98 240.44 262.42 OK
r-release-windows-ix86+x86_64 3.3.0 38.00 237.00 275.00 OK
r-release-osx-x86_64 3.3.0 NOTE
r-oldrel-windows-ix86+x86_64 3.3.0 27.00 253.00 280.00 OK
r-oldrel-osx-x86_64 3.3.0 NOTE

Check Details

Version: 3.3.0
Check: examples
Result: ERROR
    Running examples in 'paleotree-Ex.R' failed
    The error most likely occurred in:
    
    > base::assign(".ptime", proc.time(), pos = "CheckExEnv")
    > ### Name: divCurveFossilRecordSim
    > ### Title: Diversity-Curve Plotting for Simulations of Diversification and
    > ### Sampling In the Fossil Record
    > ### Aliases: divCurveFossilRecordSim
    >
    > ### ** Examples
    >
    >
    > set.seed(44)
    > record <- simFossilRecord(p = 0.1, q = 0.1, r = 0.1, nruns = 1,
    + nTotalTaxa = c(20,30) ,nExtant = 0, plot = FALSE)
    >
    > # now let's plot it
    > divCurveFossilRecordSim(record)
    Error in multiDiv(curveList, plotMultCurves = TRUE, drop.cryptic = merge.cryptic, :
     Data of Unknown Type
    Calls: divCurveFossilRecordSim -> multiDiv
    Execution halted
Flavors: r-devel-linux-x86_64-debian-clang, r-devel-linux-x86_64-debian-gcc

Version: 3.3.0
Check: data for non-ASCII characters
Result: NOTE
     Note: found 9 marked UTF-8 strings
Flavors: r-devel-linux-x86_64-fedora-clang, r-devel-linux-x86_64-fedora-gcc, r-patched-solaris-x86, r-release-osx-x86_64, r-oldrel-osx-x86_64