Last updated on 2021-04-13 22:53:51 CEST.
Flavor | Version | Tinstall | Tcheck | Ttotal | Status | Flags |
---|---|---|---|---|---|---|
r-devel-linux-x86_64-debian-clang | 0.5.3 | 15.23 | 112.97 | 128.20 | OK | |
r-devel-linux-x86_64-debian-gcc | 0.5.3 | 11.51 | 83.10 | 94.61 | OK | |
r-devel-linux-x86_64-fedora-clang | 0.5.3 | 160.40 | NOTE | |||
r-devel-linux-x86_64-fedora-gcc | 0.5.3 | 151.28 | NOTE | |||
r-devel-windows-ix86+x86_64 | 0.5.3 | 31.00 | 114.00 | 145.00 | OK | |
r-devel-windows-x86_64-gcc10-UCRT | 0.5.3 | NOTE | ||||
r-patched-linux-x86_64 | 0.5.3 | 14.32 | 102.05 | 116.37 | OK | |
r-patched-solaris-x86 | 0.5.3 | 211.60 | NOTE | |||
r-release-linux-x86_64 | 0.5.3 | 14.18 | 101.69 | 115.87 | OK | |
r-release-macos-x86_64 | 0.5.3 | NOTE | ||||
r-release-windows-ix86+x86_64 | 0.5.3 | 37.00 | 129.00 | 166.00 | OK | |
r-oldrel-macos-x86_64 | 0.5.3 | NOTE | ||||
r-oldrel-windows-ix86+x86_64 | 0.5.3 | 18.00 | 85.00 | 103.00 | OK |
Version: 0.5.3
Check: dependencies in R code
Result: NOTE
Namespace in Imports field not imported from: ‘methods’
All declared Imports should be used.
Flavors: r-devel-linux-x86_64-fedora-clang, r-devel-linux-x86_64-fedora-gcc, r-devel-windows-x86_64-gcc10-UCRT, r-patched-solaris-x86, r-release-macos-x86_64, r-oldrel-macos-x86_64