CRAN Package Check Results for Package papci

Last updated on 2023-03-25 22:55:36 CET.

Flavor Version Tinstall Tcheck Ttotal Status Flags
r-devel-linux-x86_64-debian-clang 0.1.0 9.72 69.12 78.84 OK
r-devel-linux-x86_64-debian-gcc 0.1.0 6.59 51.94 58.53 OK
r-devel-linux-x86_64-fedora-clang 0.1.0 98.02 NOTE
r-devel-linux-x86_64-fedora-gcc 0.1.0 99.90 NOTE
r-patched-linux-x86_64 0.1.0 15.26 68.53 83.79 OK
r-release-linux-x86_64 0.1.0 7.90 69.27 77.17 OK
r-release-macos-arm64 0.1.0 45.00 NOTE
r-release-macos-x86_64 0.1.0 86.00 NOTE
r-release-windows-x86_64 0.1.0 19.00 106.00 125.00 OK
r-oldrel-macos-arm64 0.1.0 47.00 NOTE
r-oldrel-macos-x86_64 0.1.0 64.00 NOTE
r-oldrel-windows-ix86+x86_64 0.1.0 23.00 101.00 124.00 OK

Check Details

Version: 0.1.0
Check: dependencies in R code
Result: NOTE
    Namespace in Imports field not imported from: ‘DT’
     All declared Imports should be used.
Flavors: r-devel-linux-x86_64-fedora-clang, r-devel-linux-x86_64-fedora-gcc, r-release-macos-arm64, r-release-macos-x86_64, r-oldrel-macos-arm64, r-oldrel-macos-x86_64