Last updated on 2024-04-23 22:55:31 CEST.
Flavor | Version | Tinstall | Tcheck | Ttotal | Status | Flags |
---|---|---|---|---|---|---|
r-devel-linux-x86_64-debian-clang | 1.5.1 | 3.60 | 62.22 | 65.82 | OK | |
r-devel-linux-x86_64-debian-gcc | 1.5.1 | 2.94 | 49.13 | 52.07 | OK | |
r-devel-linux-x86_64-fedora-clang | 1.5.1 | 82.06 | OK | |||
r-devel-linux-x86_64-fedora-gcc | 1.5.1 | 78.39 | OK | |||
r-prerel-macos-arm64 | 1.5.1 | 32.00 | NOTE | |||
r-prerel-windows-x86_64 | 1.5.1 | 4.00 | 74.00 | 78.00 | OK | |
r-patched-linux-x86_64 | 1.5.1 | 4.20 | 60.32 | 64.52 | OK | |
r-release-linux-x86_64 | 1.5.1 | 3.85 | 61.21 | 65.06 | OK | |
r-release-macos-arm64 | 1.5.1 | 33.00 | NOTE | |||
r-release-macos-x86_64 | 1.5.1 | 49.00 | NOTE | |||
r-release-windows-x86_64 | 1.5.1 | 5.00 | 81.00 | 86.00 | OK | |
r-oldrel-macos-arm64 | 1.5.1 | 33.00 | NOTE | |||
r-oldrel-windows-x86_64 | 1.5.1 | 6.00 | 87.00 | 93.00 | OK |
Version: 1.5.1
Check: package dependencies
Result: NOTE
Package suggested but not available for checking: ‘Rmpi’
Flavors: r-prerel-macos-arm64, r-release-macos-arm64, r-release-macos-x86_64, r-oldrel-macos-arm64