CRAN Package Check Results for Package parcor

Last updated on 2019-06-15 22:58:50 CEST.

Flavor Version Tinstall Tcheck Ttotal Status Flags
r-devel-linux-x86_64-debian-clang 0.2-6 8.00 76.07 84.07 NOTE
r-devel-linux-x86_64-debian-gcc 0.2-6 6.78 58.86 65.64 NOTE
r-devel-linux-x86_64-fedora-clang 0.2-6 96.69 NOTE
r-devel-linux-x86_64-fedora-gcc 0.2-6 92.81 NOTE
r-devel-windows-ix86+x86_64 0.2-6 24.00 88.00 112.00 NOTE
r-patched-linux-x86_64 0.2-6 8.91 72.85 81.76 NOTE
r-patched-solaris-x86 0.2-6 152.00 NOTE
r-release-linux-x86_64 0.2-6 7.35 73.70 81.05 NOTE
r-release-windows-ix86+x86_64 0.2-6 17.00 119.00 136.00 NOTE
r-release-osx-x86_64 0.2-6 NOTE
r-oldrel-windows-ix86+x86_64 0.2-6 9.00 132.00 141.00 NOTE
r-oldrel-osx-x86_64 0.2-6 NOTE

Check Details

Version: 0.2-6
Check: R code for possible problems
Result: NOTE
    adalasso: no visible global function definition for 'predict'
    lm.ridge.univariate: no visible global function definition for 'sd'
    mylars: no visible global function definition for 'predict'
    mylars: no visible binding for global variable 'var'
    performance.pcor: no visible global function definition for
     'ggm.test.edges'
    performance.pcor: no visible global function definition for 'var'
    ridge.cv: no visible global function definition for 'coef'
    ridge.cv: no visible global function definition for 'plot'
    Undefined global functions or variables:
     coef ggm.test.edges plot predict sd var
    Consider adding
     importFrom("graphics", "plot")
     importFrom("stats", "coef", "predict", "sd", "var")
    to your NAMESPACE file.
Flavors: r-devel-linux-x86_64-debian-clang, r-devel-linux-x86_64-debian-gcc, r-devel-linux-x86_64-fedora-clang, r-devel-linux-x86_64-fedora-gcc, r-devel-windows-ix86+x86_64, r-patched-linux-x86_64, r-patched-solaris-x86, r-release-linux-x86_64, r-release-windows-ix86+x86_64, r-release-osx-x86_64, r-oldrel-windows-ix86+x86_64, r-oldrel-osx-x86_64