CRAN Package Check Results for Package parcor

Last updated on 2019-08-17 22:46:33 CEST.

Flavor Version Tinstall Tcheck Ttotal Status Flags
r-devel-linux-x86_64-debian-clang 0.2-6 9.47 76.14 85.61 NOTE
r-devel-linux-x86_64-debian-gcc 0.2-6 7.04 58.34 65.38 NOTE
r-devel-linux-x86_64-fedora-gcc 0.2-6 95.71 NOTE
r-devel-windows-ix86+x86_64 0.2-6 24.00 119.00 143.00 NOTE
r-patched-linux-x86_64 0.2-6 8.20 72.52 80.72 NOTE
r-patched-solaris-x86 0.2-6 153.60 NOTE
r-release-linux-x86_64 0.2-6 8.54 73.43 81.97 NOTE
r-release-windows-ix86+x86_64 0.2-6 25.00 114.00 139.00 NOTE
r-release-osx-x86_64 0.2-6 NOTE
r-oldrel-windows-ix86+x86_64 0.2-6 18.00 111.00 129.00 NOTE
r-oldrel-osx-x86_64 0.2-6 NOTE

Check Details

Version: 0.2-6
Check: R code for possible problems
Result: NOTE
    adalasso: no visible global function definition for 'predict'
    lm.ridge.univariate: no visible global function definition for 'sd'
    mylars: no visible global function definition for 'predict'
    mylars: no visible binding for global variable 'var'
    performance.pcor: no visible global function definition for
     'ggm.test.edges'
    performance.pcor: no visible global function definition for 'var'
    ridge.cv: no visible global function definition for 'coef'
    ridge.cv: no visible global function definition for 'plot'
    Undefined global functions or variables:
     coef ggm.test.edges plot predict sd var
    Consider adding
     importFrom("graphics", "plot")
     importFrom("stats", "coef", "predict", "sd", "var")
    to your NAMESPACE file.
Flavors: r-devel-linux-x86_64-debian-clang, r-devel-linux-x86_64-debian-gcc, r-devel-linux-x86_64-fedora-gcc, r-devel-windows-ix86+x86_64, r-patched-linux-x86_64, r-patched-solaris-x86, r-release-linux-x86_64, r-release-windows-ix86+x86_64, r-release-osx-x86_64, r-oldrel-windows-ix86+x86_64, r-oldrel-osx-x86_64