CRAN Package Check Results for Package parlitools

Last updated on 2020-01-18 22:48:39 CET.

Flavor Version Tinstall Tcheck Ttotal Status Flags
r-devel-linux-x86_64-debian-clang 0.4.1 8.28 71.97 80.25 OK
r-devel-linux-x86_64-debian-gcc 0.4.1 7.24 54.87 62.11 OK
r-devel-linux-x86_64-fedora-clang 0.4.1 96.13 NOTE
r-devel-linux-x86_64-fedora-gcc 0.4.1 93.98 NOTE
r-devel-windows-ix86+x86_64 0.4.1 25.00 136.00 161.00 OK
r-devel-windows-ix86+x86_64-gcc8 0.4.0 21.00 81.00 102.00 OK
r-patched-linux-x86_64 0.4.1 7.04 63.56 70.60 OK
r-patched-solaris-x86 0.4.1 125.40 NOTE --no-vignettes
r-release-linux-x86_64 0.4.1 7.00 64.68 71.68 OK
r-release-windows-ix86+x86_64 0.4.1 27.00 96.00 123.00 OK
r-release-osx-x86_64 0.4.1 NOTE
r-oldrel-windows-ix86+x86_64 0.4.1 14.00 101.00 115.00 OK
r-oldrel-osx-x86_64 0.4.1 NOTE

Check Details

Version: 0.4.1
Check: data for non-ASCII characters
Result: NOTE
     Note: found 16 marked UTF-8 strings
Flavors: r-devel-linux-x86_64-fedora-clang, r-devel-linux-x86_64-fedora-gcc, r-release-osx-x86_64, r-oldrel-osx-x86_64

Version: 0.4.1
Flags: --no-vignettes
Check: data for non-ASCII characters
Result: NOTE
     Note: found 16 marked UTF-8 strings
Flavor: r-patched-solaris-x86