Last updated on 2023-06-07 22:02:50 CEST.
Flavor | Version | Tinstall | Tcheck | Ttotal | Status | Flags |
---|---|---|---|---|---|---|
r-devel-linux-x86_64-debian-clang | 0.1.2 | 49.71 | 66.80 | 116.51 | NOTE | |
r-devel-linux-x86_64-debian-gcc | 0.1.2 | 39.44 | 51.71 | 91.15 | NOTE | |
r-devel-linux-x86_64-fedora-clang | 0.1.2 | 157.52 | NOTE | |||
r-devel-linux-x86_64-fedora-gcc | 0.1.2 | 164.59 | NOTE | |||
r-devel-windows-x86_64 | 0.1.2 | 38.00 | 92.00 | 130.00 | NOTE | |
r-patched-linux-x86_64 | 0.1.2 | 41.59 | 64.15 | 105.74 | NOTE | |
r-release-linux-x86_64 | 0.1.2 | 46.12 | 62.72 | 108.84 | NOTE | |
r-release-macos-arm64 | 0.1.2 | 55.00 | NOTE | |||
r-release-macos-x86_64 | 0.1.2 | 99.00 | NOTE | |||
r-release-windows-x86_64 | 0.1.2 | 47.00 | 105.00 | 152.00 | NOTE | |
r-oldrel-macos-arm64 | 0.1.2 | 43.00 | NOTE | |||
r-oldrel-macos-x86_64 | 0.1.2 | 97.00 | NOTE | |||
r-oldrel-windows-x86_64 | 0.1.2 | 47.00 | 101.00 | 148.00 | OK |
Version: 0.1.2
Check: C++ specification
Result: NOTE
Specified C++14: please drop specification unless essential
Flavors: r-devel-linux-x86_64-debian-clang, r-devel-linux-x86_64-debian-gcc, r-devel-linux-x86_64-fedora-clang, r-devel-linux-x86_64-fedora-gcc, r-devel-windows-x86_64, r-patched-linux-x86_64, r-release-linux-x86_64, r-release-macos-arm64, r-release-macos-x86_64, r-release-windows-x86_64
Version: 0.1.2
Check: installed package size
Result: NOTE
installed size is 8.3Mb
sub-directories of 1Mb or more:
libs 7.9Mb
Flavors: r-release-macos-arm64, r-release-macos-x86_64, r-oldrel-macos-arm64, r-oldrel-macos-x86_64