Last updated on 2024-03-28 23:01:52 CET.
Flavor | Version | Tinstall | Tcheck | Ttotal | Status | Flags |
---|---|---|---|---|---|---|
r-devel-linux-x86_64-debian-clang | 0.2.3 | 26.01 | 132.01 | 158.02 | NOTE | |
r-devel-linux-x86_64-debian-gcc | 0.2.3 | 21.34 | 101.63 | 122.97 | NOTE | |
r-devel-linux-x86_64-fedora-clang | 0.2.3 | 195.83 | NOTE | |||
r-devel-linux-x86_64-fedora-gcc | 0.2.3 | 207.90 | NOTE | |||
r-devel-windows-x86_64 | 0.2.3 | 23.00 | 113.00 | 136.00 | NOTE | |
r-patched-linux-x86_64 | 0.2.3 | 22.19 | 129.33 | 151.52 | NOTE | |
r-release-linux-x86_64 | 0.2.3 | 16.94 | 131.09 | 148.03 | NOTE | |
r-release-macos-arm64 | 0.2.3 | 57.00 | NOTE | |||
r-release-macos-x86_64 | 0.2.3 | 92.00 | NOTE | |||
r-release-windows-x86_64 | 0.2.3 | 29.00 | 140.00 | 169.00 | NOTE | |
r-oldrel-macos-arm64 | 0.2.3 | 53.00 | OK | |||
r-oldrel-windows-x86_64 | 0.2.3 | 31.00 | 144.00 | 175.00 | OK |
Version: 0.2.3
Check: C++ specification
Result: NOTE
Specified C++11: please drop specification unless essential
Flavors: r-devel-linux-x86_64-debian-clang, r-devel-linux-x86_64-debian-gcc, r-devel-linux-x86_64-fedora-clang, r-devel-linux-x86_64-fedora-gcc, r-devel-windows-x86_64, r-patched-linux-x86_64, r-release-linux-x86_64, r-release-macos-arm64, r-release-macos-x86_64, r-release-windows-x86_64