Last updated on 2024-04-17 23:00:01 CEST.
Flavor | Version | Tinstall | Tcheck | Ttotal | Status | Flags |
---|---|---|---|---|---|---|
r-devel-linux-x86_64-debian-clang | 0.2.0 | 123.71 | 324.02 | 447.73 | OK | |
r-devel-linux-x86_64-debian-gcc | 0.2.0 | 90.68 | 239.13 | 329.81 | OK | |
r-devel-linux-x86_64-fedora-clang | 0.2.0 | 575.07 | OK | |||
r-devel-linux-x86_64-fedora-gcc | 0.2.0 | 586.62 | OK | |||
r-prerel-macos-arm64 | 0.2.0 | 160.00 | NOTE | |||
r-prerel-macos-x86_64 | 0.2.0 | 306.00 | NOTE | |||
r-prerel-windows-x86_64 | 0.2.0 | 95.00 | 319.00 | 414.00 | NOTE | |
r-patched-linux-x86_64 | 0.2.0 | 111.25 | 316.09 | 427.34 | OK | |
r-release-linux-x86_64 | 0.2.0 | 83.27 | 309.52 | 392.79 | OK | |
r-release-macos-arm64 | 0.2.0 | 147.00 | NOTE | |||
r-release-macos-x86_64 | 0.2.0 | 265.00 | NOTE | |||
r-release-windows-x86_64 | 0.2.0 | 119.00 | 342.00 | 461.00 | NOTE | |
r-oldrel-macos-arm64 | 0.2.0 | 156.00 | NOTE | |||
r-oldrel-windows-x86_64 | 0.2.0 | 112.00 | 328.00 | 440.00 | NOTE |
Version: 0.2.0
Check: installed package size
Result: NOTE
installed size is 7.8Mb
sub-directories of 1Mb or more:
doc 2.8Mb
libs 3.8Mb
Flavors: r-prerel-macos-arm64, r-prerel-macos-x86_64, r-prerel-windows-x86_64, r-release-macos-arm64, r-release-macos-x86_64, r-release-windows-x86_64, r-oldrel-macos-arm64, r-oldrel-windows-x86_64