CRAN Package Check Results for Package partykit

Last updated on 2020-06-02 22:48:55 CEST.

Flavor Version Tinstall Tcheck Ttotal Status Flags
r-devel-linux-x86_64-debian-clang 1.2-7 15.26 326.65 341.91 ERROR
r-devel-linux-x86_64-debian-gcc 1.2-7 11.89 245.46 257.35 ERROR
r-devel-linux-x86_64-fedora-clang 1.2-7 422.50 ERROR
r-devel-linux-x86_64-fedora-gcc 1.2-7 411.02 ERROR
r-devel-windows-ix86+x86_64 1.2-7 35.00 603.00 638.00 ERROR
r-patched-linux-x86_64 1.2-7 14.84 324.87 339.71 OK
r-patched-solaris-x86 1.2-7 567.60 NOTE
r-release-linux-x86_64 1.2-7 16.25 335.98 352.23 OK
r-release-osx-x86_64 1.2-7 OK
r-release-windows-ix86+x86_64 1.2-7 27.00 598.00 625.00 OK
r-oldrel-osx-x86_64 1.2-7 OK
r-oldrel-windows-ix86+x86_64 1.2-7 28.00 419.00 447.00 OK

Check Details

Version: 1.2-7
Check: tests
Result: ERROR
     Running 'bugfixes.R' [7s/7s]
     Comparing 'bugfixes.Rout' to 'bugfixes.Rout.save' ...1059c1059
    < <NA> <NA> <NA>
    ---
    > Never Never Never
     Running 'regtest-MIA.R' [2s/3s]
     Comparing 'regtest-MIA.Rout' to 'regtest-MIA.Rout.save' ... OK
     Running 'regtest-cforest.R' [17s/18s]
     Comparing 'regtest-cforest.Rout' to 'regtest-cforest.Rout.save' ...181c181,187
    < < table of extent 0 x 0 >
    ---
    > Sepal.Width Petal.Length Petal.Width
    > Min. :0 Min. :0.3869 Min. :0.2971
    > 1st Qu.:0 1st Qu.:0.3921 1st Qu.:0.3036
    > Median :0 Median :0.3966 Median :0.3057
    > Mean :0 Mean :0.3952 Mean :0.3117
    > 3rd Qu.:0 3rd Qu.:0.4003 3rd Qu.:0.3179
    > Max. :0 Max. :0.4003 Max. :0.3343
    187c193,194
    < named numeric(0)
    ---
    > Sepal.Width Petal.Length Petal.Width
    > 0.0000000 0.2782738 0.1171429
     Running 'regtest-ctree.R' [2s/3s]
     Comparing 'regtest-ctree.Rout' to 'regtest-ctree.Rout.save' ...30,32c30,32
    < setosa 0 0 0
    < versicolor 0 0 0
    < virginica 0 0 0
    ---
    > setosa 50 0 0
    > versicolor 0 49 5
    > virginica 0 1 45
     Running 'regtest-glmtree.R' [46s/50s]
     Comparing 'regtest-glmtree.Rout' to 'regtest-glmtree.Rout.save' ... OK
     Running 'regtest-lmtree.R' [3s/4s]
     Running 'regtest-nmax.R' [2s/3s]
     Comparing 'regtest-nmax.Rout' to 'regtest-nmax.Rout.save' ... OK
     Running 'regtest-node.R' [2s/3s]
     Comparing 'regtest-node.Rout' to 'regtest-node.Rout.save' ... OK
     Running 'regtest-party-random.R' [3s/3s]
     Running 'regtest-party.R' [5s/5s]
     Running 'regtest-split.R' [2s/2s]
     Comparing 'regtest-split.Rout' to 'regtest-split.Rout.save' ... OK
     Running 'regtest-weights.R' [3s/3s]
     Comparing 'regtest-weights.Rout' to 'regtest-weights.Rout.save' ... OK
    Running the tests in 'tests/regtest-party.R' failed.
    Complete output:
     > suppressWarnings(RNGversion("3.5.2"))
     >
     > ## load package and fix seed
     > library("partykit")
     Loading required package: grid
     Loading required package: libcoin
     Loading required package: mvtnorm
     > set.seed(1)
     >
     > ## rpart: kyphosis data
     > library("rpart")
     > data("kyphosis", package = "rpart")
     > fit <- rpart(Kyphosis ~ Age + Number + Start, data = kyphosis)
     > pfit <- as.party(fit)
     > all(predict(pfit, newdata = kyphosis, type = "node") == fit$where)
     [1] TRUE
     >
     > ## J48: iris data
     > if (require("RWeka")) {
     + data("iris", package = "datasets")
     + itree <- J48(Species ~ ., data = iris)
     + pitree <- as.party(itree)
     + stopifnot(all(predict(pitree) == predict(pitree, newdata = iris[, 3:4])))
     +
     + print(all.equal(predict(itree, type = "prob", newdata = iris),
     + predict(pitree, type = "prob", newdata = iris)))
     + print(all.equal(predict(itree, newdata = iris),
     + predict(pitree, newdata = iris)))
     +
     + ## rpart/J48: GlaucomaM data
     + data("GlaucomaM", package = "TH.data")
     + w <- runif(nrow(GlaucomaM))
     + fit <- rpart(Class ~ ., data = GlaucomaM, weights = w)
     + pfit <- as.party(fit)
     + print(all(predict(pfit, type = "node") == fit$where))
     + tmp <- GlaucomaM[sample(1:nrow(GlaucomaM), 100),]
     + print(all.equal(predict(fit, type = "prob", newdata = tmp), predict(pfit, type = "prob", newdata = tmp)))
     + print(all.equal(predict(fit, type = "class", newdata = tmp), predict(pfit, newdata = tmp)))
     + itree <- J48(Class ~ ., data = GlaucomaM)
     + pitree <- as.party(itree)
     + print(all.equal(predict(itree, newdata = tmp, type = "prob"), predict(pitree, newdata = tmp, type = "prob")))
     + }
     Loading required package: RWeka
     Error: all(predict(pitree) == predict(pitree, newdata = iris[, 3:4])) is not TRUE
     Execution halted
Flavor: r-devel-linux-x86_64-debian-clang

Version: 1.2-7
Check: running R code from vignettes
Result: NOTE
     'constparty.Rnw'... [11s/14s] NOTE
    differences from 'constparty.Rout.save'
    319,322c319,320
    < 1 2 3 4 5 6 7 8 9 10 11 12 13 14
    < <NA> <NA> <NA> <NA> <NA> <NA> <NA> <NA> <NA> <NA> <NA> <NA> <NA> <NA>
    < 15 16
    < <NA> <NA>
    ---
    > 1 2 3 4 5 6 7 8 9 10 11 12 13 14 15 16
    > Yes Yes No Yes Yes Yes No Yes No No No No Yes Yes No Yes
     'ctree.Rnw' using 'UTF-8'... [10s/11s] NOTE
    differences from 'ctree.Rout.save'
    793,814c793,810
    < 1 2 3 4 5 6 7 8 9 10 11 12 13 14
    < <NA> <NA> <NA> <NA> <NA> <NA> <NA> <NA> <NA> <NA> <NA> <NA> <NA> <NA>
    < 15 16 17 18 19 20 21 22 23 24 25 26 27 28
    < <NA> <NA> <NA> <NA> <NA> <NA> <NA> <NA> <NA> <NA> <NA> <NA> <NA> <NA>
    < 29 30 31 32 33 34 35 36 37 38 39 40 41 42
    < <NA> <NA> <NA> <NA> <NA> <NA> <NA> <NA> <NA> <NA> <NA> <NA> <NA> <NA>
    < 43 44 45 46 47 48 49 50 51 52 53 54 55 56
    < <NA> <NA> <NA> <NA> <NA> <NA> <NA> <NA> <NA> <NA> <NA> <NA> <NA> <NA>
    < 57 58 59 60 61 62 63 64 65 66 67 68 69 70
    < <NA> <NA> <NA> <NA> <NA> <NA> <NA> <NA> <NA> <NA> <NA> <NA> <NA> <NA>
    < 71 72 73 74 75 76 77 78 79 80 81 82 83 84
    < <NA> <NA> <NA> <NA> <NA> <NA> <NA> <NA> <NA> <NA> <NA> <NA> <NA> <NA>
    < 85 86 87 88 89 90 91 92 93 94 95 96 97 98
    < <NA> <NA> <NA> <NA> <NA> <NA> <NA> <NA> <NA> <NA> <NA> <NA> <NA> <NA>
    < 99 100 101 102 103 104 105 106 107 108 109 110 111 112
    < <NA> <NA> <NA> <NA> <NA> <NA> <NA> <NA> <NA> <NA> <NA> <NA> <NA> <NA>
    < 113 114 115 116 117 118 119 120 121 122 123 124 125 126
    < <NA> <NA> <NA> <NA> <NA> <NA> <NA> <NA> <NA> <NA> <NA> <NA> <NA> <NA>
    < 127 128 129 130 131 132 133 134 135 136 137 138 139 140
    < <NA> <NA> <NA> <NA> <NA> <NA> <NA> <NA> <NA> <NA> <NA> <NA> <NA> <NA>
    < 141 142 143 144 145 146 147 148 149 150
    < <NA> <NA> <NA> <NA> <NA> <NA> <NA> <NA> <NA> <NA>
    ---
    > 1 2 3 4 5 6 7 8 9 10 11 12 13 14 15 16 17
    > A A A A C A C A C C A A C A A A A
    > 18 19 20 21 22 23 24 25 26 27 28 29 30 31 32 33 34
    > C A C A A A C A A A C C A A C A A
    > 35 36 37 38 39 40 41 42 43 44 45 46 47 48 49 50 51
    > C A A C C C A A C C C C A A A A A
    > 52 53 54 55 56 57 58 59 60 61 62 63 64 65 66 67 68
    > A C C C C A C C A C C C C C C A A
    > 69 70 71 72 73 74 75 76 77 78 79 80 81 82 83 84 85
    > A A A C C A C A C C C C C C C C C
    > 86 87 88 89 90 91 92 93 94 95 96 97 98 99 100 101 102
    > C C C A C A C A C C C C C C C C A
    > 103 104 105 106 107 108 109 110 111 112 113 114 115 116 117 118 119
    > C C C A C C A C C C C C C C A C C
    > 120 121 122 123 124 125 126 127 128 129 130 131 132 133 134 135 136
    > C C C C C C C C C C C C C C C C C
    > 137 138 139 140 141 142 143 144 145 146 147 148 149 150
    > C A C C C C A C C A C A C A
    870,871c866,867
    < glaucoma 0 0
    < normal 0 0
    ---
    > glaucoma 74 5
    > normal 24 93
    1277,1279c1273,1275
    < setosa 0 0 0
    < versicolor 0 0 0
    < virginica 0 0 0
    ---
    > setosa 50 0 0
    > versicolor 0 54 0
    > virginica 0 0 46
     'partykit.Rnw'... [3s/3s] NOTE
    differences from 'partykit.Rout.save'
    348c348
    < <NA> <NA>
    ---
    > yes no
Flavor: r-devel-linux-x86_64-debian-clang

Version: 1.2-7
Check: tests
Result: ERROR
     Running ‘bugfixes.R’ [5s/7s]
     Comparing ‘bugfixes.Rout’ to ‘bugfixes.Rout.save’ ...1059c1059
    < <NA> <NA> <NA>
    ---
    > Never Never Never
     Running ‘regtest-MIA.R’ [2s/3s]
     Comparing ‘regtest-MIA.Rout’ to ‘regtest-MIA.Rout.save’ ... OK
     Running ‘regtest-cforest.R’ [11s/17s]
     Comparing ‘regtest-cforest.Rout’ to ‘regtest-cforest.Rout.save’ ...181c181,187
    < < table of extent 0 x 0 >
    ---
    > Sepal.Width Petal.Length Petal.Width
    > Min. :0 Min. :0.3869 Min. :0.2971
    > 1st Qu.:0 1st Qu.:0.3921 1st Qu.:0.3036
    > Median :0 Median :0.3966 Median :0.3057
    > Mean :0 Mean :0.3952 Mean :0.3117
    > 3rd Qu.:0 3rd Qu.:0.4003 3rd Qu.:0.3179
    > Max. :0 Max. :0.4003 Max. :0.3343
    187c193,194
    < named numeric(0)
    ---
    > Sepal.Width Petal.Length Petal.Width
    > 0.0000000 0.2782738 0.1171429
     Running ‘regtest-ctree.R’ [2s/3s]
     Comparing ‘regtest-ctree.Rout’ to ‘regtest-ctree.Rout.save’ ...30,32c30,32
    < setosa 0 0 0
    < versicolor 0 0 0
    < virginica 0 0 0
    ---
    > setosa 50 0 0
    > versicolor 0 49 5
    > virginica 0 1 45
     Running ‘regtest-glmtree.R’ [34s/46s]
     Comparing ‘regtest-glmtree.Rout’ to ‘regtest-glmtree.Rout.save’ ... OK
     Running ‘regtest-lmtree.R’ [3s/4s]
     Running ‘regtest-nmax.R’ [2s/3s]
     Comparing ‘regtest-nmax.Rout’ to ‘regtest-nmax.Rout.save’ ... OK
     Running ‘regtest-node.R’ [2s/3s]
     Comparing ‘regtest-node.Rout’ to ‘regtest-node.Rout.save’ ... OK
     Running ‘regtest-party-random.R’ [2s/4s]
     Running ‘regtest-party.R’ [4s/5s]
     Running ‘regtest-split.R’ [2s/3s]
     Comparing ‘regtest-split.Rout’ to ‘regtest-split.Rout.save’ ... OK
     Running ‘regtest-weights.R’ [2s/3s]
     Comparing ‘regtest-weights.Rout’ to ‘regtest-weights.Rout.save’ ... OK
    Running the tests in ‘tests/regtest-party.R’ failed.
    Complete output:
     > suppressWarnings(RNGversion("3.5.2"))
     >
     > ## load package and fix seed
     > library("partykit")
     Loading required package: grid
     Loading required package: libcoin
     Loading required package: mvtnorm
     > set.seed(1)
     >
     > ## rpart: kyphosis data
     > library("rpart")
     > data("kyphosis", package = "rpart")
     > fit <- rpart(Kyphosis ~ Age + Number + Start, data = kyphosis)
     > pfit <- as.party(fit)
     > all(predict(pfit, newdata = kyphosis, type = "node") == fit$where)
     [1] TRUE
     >
     > ## J48: iris data
     > if (require("RWeka")) {
     + data("iris", package = "datasets")
     + itree <- J48(Species ~ ., data = iris)
     + pitree <- as.party(itree)
     + stopifnot(all(predict(pitree) == predict(pitree, newdata = iris[, 3:4])))
     +
     + print(all.equal(predict(itree, type = "prob", newdata = iris),
     + predict(pitree, type = "prob", newdata = iris)))
     + print(all.equal(predict(itree, newdata = iris),
     + predict(pitree, newdata = iris)))
     +
     + ## rpart/J48: GlaucomaM data
     + data("GlaucomaM", package = "TH.data")
     + w <- runif(nrow(GlaucomaM))
     + fit <- rpart(Class ~ ., data = GlaucomaM, weights = w)
     + pfit <- as.party(fit)
     + print(all(predict(pfit, type = "node") == fit$where))
     + tmp <- GlaucomaM[sample(1:nrow(GlaucomaM), 100),]
     + print(all.equal(predict(fit, type = "prob", newdata = tmp), predict(pfit, type = "prob", newdata = tmp)))
     + print(all.equal(predict(fit, type = "class", newdata = tmp), predict(pfit, newdata = tmp)))
     + itree <- J48(Class ~ ., data = GlaucomaM)
     + pitree <- as.party(itree)
     + print(all.equal(predict(itree, newdata = tmp, type = "prob"), predict(pitree, newdata = tmp, type = "prob")))
     + }
     Loading required package: RWeka
     Error: all(predict(pitree) == predict(pitree, newdata = iris[, 3:4])) is not TRUE
     Execution halted
Flavor: r-devel-linux-x86_64-debian-gcc

Version: 1.2-7
Check: running R code from vignettes
Result: NOTE
     ‘constparty.Rnw’... [8s/12s] NOTE
    differences from ‘constparty.Rout.save’
    319,322c319,320
    < 1 2 3 4 5 6 7 8 9 10 11 12 13 14
    < <NA> <NA> <NA> <NA> <NA> <NA> <NA> <NA> <NA> <NA> <NA> <NA> <NA> <NA>
    < 15 16
    < <NA> <NA>
    ---
    > 1 2 3 4 5 6 7 8 9 10 11 12 13 14 15 16
    > Yes Yes No Yes Yes Yes No Yes No No No No Yes Yes No Yes
     ‘ctree.Rnw’ using ‘UTF-8’... [8s/11s] NOTE
    differences from ‘ctree.Rout.save’
    793,814c793,810
    < 1 2 3 4 5 6 7 8 9 10 11 12 13 14
    < <NA> <NA> <NA> <NA> <NA> <NA> <NA> <NA> <NA> <NA> <NA> <NA> <NA> <NA>
    < 15 16 17 18 19 20 21 22 23 24 25 26 27 28
    < <NA> <NA> <NA> <NA> <NA> <NA> <NA> <NA> <NA> <NA> <NA> <NA> <NA> <NA>
    < 29 30 31 32 33 34 35 36 37 38 39 40 41 42
    < <NA> <NA> <NA> <NA> <NA> <NA> <NA> <NA> <NA> <NA> <NA> <NA> <NA> <NA>
    < 43 44 45 46 47 48 49 50 51 52 53 54 55 56
    < <NA> <NA> <NA> <NA> <NA> <NA> <NA> <NA> <NA> <NA> <NA> <NA> <NA> <NA>
    < 57 58 59 60 61 62 63 64 65 66 67 68 69 70
    < <NA> <NA> <NA> <NA> <NA> <NA> <NA> <NA> <NA> <NA> <NA> <NA> <NA> <NA>
    < 71 72 73 74 75 76 77 78 79 80 81 82 83 84
    < <NA> <NA> <NA> <NA> <NA> <NA> <NA> <NA> <NA> <NA> <NA> <NA> <NA> <NA>
    < 85 86 87 88 89 90 91 92 93 94 95 96 97 98
    < <NA> <NA> <NA> <NA> <NA> <NA> <NA> <NA> <NA> <NA> <NA> <NA> <NA> <NA>
    < 99 100 101 102 103 104 105 106 107 108 109 110 111 112
    < <NA> <NA> <NA> <NA> <NA> <NA> <NA> <NA> <NA> <NA> <NA> <NA> <NA> <NA>
    < 113 114 115 116 117 118 119 120 121 122 123 124 125 126
    < <NA> <NA> <NA> <NA> <NA> <NA> <NA> <NA> <NA> <NA> <NA> <NA> <NA> <NA>
    < 127 128 129 130 131 132 133 134 135 136 137 138 139 140
    < <NA> <NA> <NA> <NA> <NA> <NA> <NA> <NA> <NA> <NA> <NA> <NA> <NA> <NA>
    < 141 142 143 144 145 146 147 148 149 150
    < <NA> <NA> <NA> <NA> <NA> <NA> <NA> <NA> <NA> <NA>
    ---
    > 1 2 3 4 5 6 7 8 9 10 11 12 13 14 15 16 17
    > A A A A C A C A C C A A C A A A A
    > 18 19 20 21 22 23 24 25 26 27 28 29 30 31 32 33 34
    > C A C A A A C A A A C C A A C A A
    > 35 36 37 38 39 40 41 42 43 44 45 46 47 48 49 50 51
    > C A A C C C A A C C C C A A A A A
    > 52 53 54 55 56 57 58 59 60 61 62 63 64 65 66 67 68
    > A C C C C A C C A C C C C C C A A
    > 69 70 71 72 73 74 75 76 77 78 79 80 81 82 83 84 85
    > A A A C C A C A C C C C C C C C C
    > 86 87 88 89 90 91 92 93 94 95 96 97 98 99 100 101 102
    > C C C A C A C A C C C C C C C C A
    > 103 104 105 106 107 108 109 110 111 112 113 114 115 116 117 118 119
    > C C C A C C A C C C C C C C A C C
    > 120 121 122 123 124 125 126 127 128 129 130 131 132 133 134 135 136
    > C C C C C C C C C C C C C C C C C
    > 137 138 139 140 141 142 143 144 145 146 147 148 149 150
    > C A C C C C A C C A C A C A
    870,871c866,867
    < glaucoma 0 0
    < normal 0 0
    ---
    > glaucoma 74 5
    > normal 24 93
    1277,1279c1273,1275
    < setosa 0 0 0
    < versicolor 0 0 0
    < virginica 0 0 0
    ---
    > setosa 50 0 0
    > versicolor 0 54 0
    > virginica 0 0 46
     ‘partykit.Rnw’... [2s/3s] NOTE
    differences from ‘partykit.Rout.save’
    348c348
    < <NA> <NA>
    ---
    > yes no
Flavor: r-devel-linux-x86_64-debian-gcc

Version: 1.2-7
Check: tests
Result: ERROR
     Running ‘bugfixes.R’
     Comparing ‘bugfixes.Rout’ to ‘bugfixes.Rout.save’ ...1059c1059
    < <NA> <NA> <NA>
    ---
    > Never Never Never
     Running ‘regtest-MIA.R’
     Comparing ‘regtest-MIA.Rout’ to ‘regtest-MIA.Rout.save’ ... OK
     Running ‘regtest-cforest.R’ [18s/21s]
     Comparing ‘regtest-cforest.Rout’ to ‘regtest-cforest.Rout.save’ ...181c181,187
    < < table of extent 0 x 0 >
    ---
    > Sepal.Width Petal.Length Petal.Width
    > Min. :0 Min. :0.3869 Min. :0.2971
    > 1st Qu.:0 1st Qu.:0.3921 1st Qu.:0.3036
    > Median :0 Median :0.3966 Median :0.3057
    > Mean :0 Mean :0.3952 Mean :0.3117
    > 3rd Qu.:0 3rd Qu.:0.4003 3rd Qu.:0.3179
    > Max. :0 Max. :0.4003 Max. :0.3343
    187c193,194
    < named numeric(0)
    ---
    > Sepal.Width Petal.Length Petal.Width
    > 0.0000000 0.2782738 0.1171429
     Running ‘regtest-ctree.R’
     Comparing ‘regtest-ctree.Rout’ to ‘regtest-ctree.Rout.save’ ...30,32c30,32
    < setosa 0 0 0
    < versicolor 0 0 0
    < virginica 0 0 0
    ---
    > setosa 50 0 0
    > versicolor 0 49 5
    > virginica 0 1 45
     Running ‘regtest-glmtree.R’ [54s/61s]
     Comparing ‘regtest-glmtree.Rout’ to ‘regtest-glmtree.Rout.save’ ... OK
     Running ‘regtest-lmtree.R’
     Running ‘regtest-nmax.R’
     Comparing ‘regtest-nmax.Rout’ to ‘regtest-nmax.Rout.save’ ... OK
     Running ‘regtest-node.R’
     Comparing ‘regtest-node.Rout’ to ‘regtest-node.Rout.save’ ... OK
     Running ‘regtest-party-random.R’
     Running ‘regtest-party.R’
     Running ‘regtest-split.R’
     Comparing ‘regtest-split.Rout’ to ‘regtest-split.Rout.save’ ... OK
     Running ‘regtest-weights.R’
     Comparing ‘regtest-weights.Rout’ to ‘regtest-weights.Rout.save’ ... OK
    Running the tests in ‘tests/regtest-party.R’ failed.
    Complete output:
     > suppressWarnings(RNGversion("3.5.2"))
     >
     > ## load package and fix seed
     > library("partykit")
     Loading required package: grid
     Loading required package: libcoin
     Loading required package: mvtnorm
     > set.seed(1)
     >
     > ## rpart: kyphosis data
     > library("rpart")
     > data("kyphosis", package = "rpart")
     > fit <- rpart(Kyphosis ~ Age + Number + Start, data = kyphosis)
     > pfit <- as.party(fit)
     > all(predict(pfit, newdata = kyphosis, type = "node") == fit$where)
     [1] TRUE
     >
     > ## J48: iris data
     > if (require("RWeka")) {
     + data("iris", package = "datasets")
     + itree <- J48(Species ~ ., data = iris)
     + pitree <- as.party(itree)
     + stopifnot(all(predict(pitree) == predict(pitree, newdata = iris[, 3:4])))
     +
     + print(all.equal(predict(itree, type = "prob", newdata = iris),
     + predict(pitree, type = "prob", newdata = iris)))
     + print(all.equal(predict(itree, newdata = iris),
     + predict(pitree, newdata = iris)))
     +
     + ## rpart/J48: GlaucomaM data
     + data("GlaucomaM", package = "TH.data")
     + w <- runif(nrow(GlaucomaM))
     + fit <- rpart(Class ~ ., data = GlaucomaM, weights = w)
     + pfit <- as.party(fit)
     + print(all(predict(pfit, type = "node") == fit$where))
     + tmp <- GlaucomaM[sample(1:nrow(GlaucomaM), 100),]
     + print(all.equal(predict(fit, type = "prob", newdata = tmp), predict(pfit, type = "prob", newdata = tmp)))
     + print(all.equal(predict(fit, type = "class", newdata = tmp), predict(pfit, newdata = tmp)))
     + itree <- J48(Class ~ ., data = GlaucomaM)
     + pitree <- as.party(itree)
     + print(all.equal(predict(itree, newdata = tmp, type = "prob"), predict(pitree, newdata = tmp, type = "prob")))
     + }
     Loading required package: RWeka
     Error: all(predict(pitree) == predict(pitree, newdata = iris[, 3:4])) is not TRUE
     Execution halted
Flavor: r-devel-linux-x86_64-fedora-clang

Version: 1.2-7
Check: running R code from vignettes
Result: NOTE
     ‘constparty.Rnw’... [13s/15s] NOTE
    differences from ‘constparty.Rout.save’
    319,322c319,320
    < 1 2 3 4 5 6 7 8 9 10 11 12 13 14
    < <NA> <NA> <NA> <NA> <NA> <NA> <NA> <NA> <NA> <NA> <NA> <NA> <NA> <NA>
    < 15 16
    < <NA> <NA>
    ---
    > 1 2 3 4 5 6 7 8 9 10 11 12 13 14 15 16
    > Yes Yes No Yes Yes Yes No Yes No No No No Yes Yes No Yes
     ‘ctree.Rnw’ using ‘UTF-8’... [12s/16s] NOTE
    differences from ‘ctree.Rout.save’
    793,814c793,810
    < 1 2 3 4 5 6 7 8 9 10 11 12 13 14
    < <NA> <NA> <NA> <NA> <NA> <NA> <NA> <NA> <NA> <NA> <NA> <NA> <NA> <NA>
    < 15 16 17 18 19 20 21 22 23 24 25 26 27 28
    < <NA> <NA> <NA> <NA> <NA> <NA> <NA> <NA> <NA> <NA> <NA> <NA> <NA> <NA>
    < 29 30 31 32 33 34 35 36 37 38 39 40 41 42
    < <NA> <NA> <NA> <NA> <NA> <NA> <NA> <NA> <NA> <NA> <NA> <NA> <NA> <NA>
    < 43 44 45 46 47 48 49 50 51 52 53 54 55 56
    < <NA> <NA> <NA> <NA> <NA> <NA> <NA> <NA> <NA> <NA> <NA> <NA> <NA> <NA>
    < 57 58 59 60 61 62 63 64 65 66 67 68 69 70
    < <NA> <NA> <NA> <NA> <NA> <NA> <NA> <NA> <NA> <NA> <NA> <NA> <NA> <NA>
    < 71 72 73 74 75 76 77 78 79 80 81 82 83 84
    < <NA> <NA> <NA> <NA> <NA> <NA> <NA> <NA> <NA> <NA> <NA> <NA> <NA> <NA>
    < 85 86 87 88 89 90 91 92 93 94 95 96 97 98
    < <NA> <NA> <NA> <NA> <NA> <NA> <NA> <NA> <NA> <NA> <NA> <NA> <NA> <NA>
    < 99 100 101 102 103 104 105 106 107 108 109 110 111 112
    < <NA> <NA> <NA> <NA> <NA> <NA> <NA> <NA> <NA> <NA> <NA> <NA> <NA> <NA>
    < 113 114 115 116 117 118 119 120 121 122 123 124 125 126
    < <NA> <NA> <NA> <NA> <NA> <NA> <NA> <NA> <NA> <NA> <NA> <NA> <NA> <NA>
    < 127 128 129 130 131 132 133 134 135 136 137 138 139 140
    < <NA> <NA> <NA> <NA> <NA> <NA> <NA> <NA> <NA> <NA> <NA> <NA> <NA> <NA>
    < 141 142 143 144 145 146 147 148 149 150
    < <NA> <NA> <NA> <NA> <NA> <NA> <NA> <NA> <NA> <NA>
    ---
    > 1 2 3 4 5 6 7 8 9 10 11 12 13 14 15 16 17
    > A A A A C A C A C C A A C A A A A
    > 18 19 20 21 22 23 24 25 26 27 28 29 30 31 32 33 34
    > C A C A A A C A A A C C A A C A A
    > 35 36 37 38 39 40 41 42 43 44 45 46 47 48 49 50 51
    > C A A C C C A A C C C C A A A A A
    > 52 53 54 55 56 57 58 59 60 61 62 63 64 65 66 67 68
    > A C C C C A C C A C C C C C C A A
    > 69 70 71 72 73 74 75 76 77 78 79 80 81 82 83 84 85
    > A A A C C A C A C C C C C C C C C
    > 86 87 88 89 90 91 92 93 94 95 96 97 98 99 100 101 102
    > C C C A C A C A C C C C C C C C A
    > 103 104 105 106 107 108 109 110 111 112 113 114 115 116 117 118 119
    > C C C A C C A C C C C C C C A C C
    > 120 121 122 123 124 125 126 127 128 129 130 131 132 133 134 135 136
    > C C C C C C C C C C C C C C C C C
    > 137 138 139 140 141 142 143 144 145 146 147 148 149 150
    > C A C C C C A C C A C A C A
    870,871c866,867
    < glaucoma 0 0
    < normal 0 0
    ---
    > glaucoma 74 5
    > normal 24 93
    1277,1279c1273,1275
    < setosa 0 0 0
    < versicolor 0 0 0
    < virginica 0 0 0
    ---
    > setosa 50 0 0
    > versicolor 0 54 0
    > virginica 0 0 46
     ‘partykit.Rnw’... NOTE
    differences from ‘partykit.Rout.save’
    348c348
    < <NA> <NA>
    ---
    > yes no
Flavor: r-devel-linux-x86_64-fedora-clang

Version: 1.2-7
Check: tests
Result: ERROR
     Running ‘bugfixes.R’
     Comparing ‘bugfixes.Rout’ to ‘bugfixes.Rout.save’ ...1059c1059
    < <NA> <NA> <NA>
    ---
    > Never Never Never
     Running ‘regtest-MIA.R’
     Comparing ‘regtest-MIA.Rout’ to ‘regtest-MIA.Rout.save’ ... OK
     Running ‘regtest-cforest.R’ [19s/21s]
     Comparing ‘regtest-cforest.Rout’ to ‘regtest-cforest.Rout.save’ ...181c181,187
    < < table of extent 0 x 0 >
    ---
    > Sepal.Width Petal.Length Petal.Width
    > Min. :0 Min. :0.3869 Min. :0.2971
    > 1st Qu.:0 1st Qu.:0.3921 1st Qu.:0.3036
    > Median :0 Median :0.3966 Median :0.3057
    > Mean :0 Mean :0.3952 Mean :0.3117
    > 3rd Qu.:0 3rd Qu.:0.4003 3rd Qu.:0.3179
    > Max. :0 Max. :0.4003 Max. :0.3343
    187c193,194
    < named numeric(0)
    ---
    > Sepal.Width Petal.Length Petal.Width
    > 0.0000000 0.2782738 0.1171429
     Running ‘regtest-ctree.R’
     Comparing ‘regtest-ctree.Rout’ to ‘regtest-ctree.Rout.save’ ...30,32c30,32
    < setosa 0 0 0
    < versicolor 0 0 0
    < virginica 0 0 0
    ---
    > setosa 50 0 0
    > versicolor 0 49 5
    > virginica 0 1 45
     Running ‘regtest-glmtree.R’ [53s/69s]
     Comparing ‘regtest-glmtree.Rout’ to ‘regtest-glmtree.Rout.save’ ... OK
     Running ‘regtest-lmtree.R’
     Running ‘regtest-nmax.R’
     Comparing ‘regtest-nmax.Rout’ to ‘regtest-nmax.Rout.save’ ... OK
     Running ‘regtest-node.R’
     Comparing ‘regtest-node.Rout’ to ‘regtest-node.Rout.save’ ... OK
     Running ‘regtest-party-random.R’
     Running ‘regtest-party.R’
     Running ‘regtest-split.R’
     Comparing ‘regtest-split.Rout’ to ‘regtest-split.Rout.save’ ... OK
     Running ‘regtest-weights.R’
     Comparing ‘regtest-weights.Rout’ to ‘regtest-weights.Rout.save’ ... OK
    Running the tests in ‘tests/regtest-party.R’ failed.
    Complete output:
     > suppressWarnings(RNGversion("3.5.2"))
     >
     > ## load package and fix seed
     > library("partykit")
     Loading required package: grid
     Loading required package: libcoin
     Loading required package: mvtnorm
     > set.seed(1)
     >
     > ## rpart: kyphosis data
     > library("rpart")
     > data("kyphosis", package = "rpart")
     > fit <- rpart(Kyphosis ~ Age + Number + Start, data = kyphosis)
     > pfit <- as.party(fit)
     > all(predict(pfit, newdata = kyphosis, type = "node") == fit$where)
     [1] TRUE
     >
     > ## J48: iris data
     > if (require("RWeka")) {
     + data("iris", package = "datasets")
     + itree <- J48(Species ~ ., data = iris)
     + pitree <- as.party(itree)
     + stopifnot(all(predict(pitree) == predict(pitree, newdata = iris[, 3:4])))
     +
     + print(all.equal(predict(itree, type = "prob", newdata = iris),
     + predict(pitree, type = "prob", newdata = iris)))
     + print(all.equal(predict(itree, newdata = iris),
     + predict(pitree, newdata = iris)))
     +
     + ## rpart/J48: GlaucomaM data
     + data("GlaucomaM", package = "TH.data")
     + w <- runif(nrow(GlaucomaM))
     + fit <- rpart(Class ~ ., data = GlaucomaM, weights = w)
     + pfit <- as.party(fit)
     + print(all(predict(pfit, type = "node") == fit$where))
     + tmp <- GlaucomaM[sample(1:nrow(GlaucomaM), 100),]
     + print(all.equal(predict(fit, type = "prob", newdata = tmp), predict(pfit, type = "prob", newdata = tmp)))
     + print(all.equal(predict(fit, type = "class", newdata = tmp), predict(pfit, newdata = tmp)))
     + itree <- J48(Class ~ ., data = GlaucomaM)
     + pitree <- as.party(itree)
     + print(all.equal(predict(itree, newdata = tmp, type = "prob"), predict(pitree, newdata = tmp, type = "prob")))
     + }
     Loading required package: RWeka
     Error: all(predict(pitree) == predict(pitree, newdata = iris[, 3:4])) is not TRUE
     Execution halted
Flavor: r-devel-linux-x86_64-fedora-gcc

Version: 1.2-7
Check: running R code from vignettes
Result: NOTE
     ‘constparty.Rnw’... [13s/17s] NOTE
    differences from ‘constparty.Rout.save’
    319,322c319,320
    < 1 2 3 4 5 6 7 8 9 10 11 12 13 14
    < <NA> <NA> <NA> <NA> <NA> <NA> <NA> <NA> <NA> <NA> <NA> <NA> <NA> <NA>
    < 15 16
    < <NA> <NA>
    ---
    > 1 2 3 4 5 6 7 8 9 10 11 12 13 14 15 16
    > Yes Yes No Yes Yes Yes No Yes No No No No Yes Yes No Yes
     ‘ctree.Rnw’ using ‘UTF-8’... [12s/18s] NOTE
    differences from ‘ctree.Rout.save’
    793,814c793,810
    < 1 2 3 4 5 6 7 8 9 10 11 12 13 14
    < <NA> <NA> <NA> <NA> <NA> <NA> <NA> <NA> <NA> <NA> <NA> <NA> <NA> <NA>
    < 15 16 17 18 19 20 21 22 23 24 25 26 27 28
    < <NA> <NA> <NA> <NA> <NA> <NA> <NA> <NA> <NA> <NA> <NA> <NA> <NA> <NA>
    < 29 30 31 32 33 34 35 36 37 38 39 40 41 42
    < <NA> <NA> <NA> <NA> <NA> <NA> <NA> <NA> <NA> <NA> <NA> <NA> <NA> <NA>
    < 43 44 45 46 47 48 49 50 51 52 53 54 55 56
    < <NA> <NA> <NA> <NA> <NA> <NA> <NA> <NA> <NA> <NA> <NA> <NA> <NA> <NA>
    < 57 58 59 60 61 62 63 64 65 66 67 68 69 70
    < <NA> <NA> <NA> <NA> <NA> <NA> <NA> <NA> <NA> <NA> <NA> <NA> <NA> <NA>
    < 71 72 73 74 75 76 77 78 79 80 81 82 83 84
    < <NA> <NA> <NA> <NA> <NA> <NA> <NA> <NA> <NA> <NA> <NA> <NA> <NA> <NA>
    < 85 86 87 88 89 90 91 92 93 94 95 96 97 98
    < <NA> <NA> <NA> <NA> <NA> <NA> <NA> <NA> <NA> <NA> <NA> <NA> <NA> <NA>
    < 99 100 101 102 103 104 105 106 107 108 109 110 111 112
    < <NA> <NA> <NA> <NA> <NA> <NA> <NA> <NA> <NA> <NA> <NA> <NA> <NA> <NA>
    < 113 114 115 116 117 118 119 120 121 122 123 124 125 126
    < <NA> <NA> <NA> <NA> <NA> <NA> <NA> <NA> <NA> <NA> <NA> <NA> <NA> <NA>
    < 127 128 129 130 131 132 133 134 135 136 137 138 139 140
    < <NA> <NA> <NA> <NA> <NA> <NA> <NA> <NA> <NA> <NA> <NA> <NA> <NA> <NA>
    < 141 142 143 144 145 146 147 148 149 150
    < <NA> <NA> <NA> <NA> <NA> <NA> <NA> <NA> <NA> <NA>
    ---
    > 1 2 3 4 5 6 7 8 9 10 11 12 13 14 15 16 17
    > A A A A C A C A C C A A C A A A A
    > 18 19 20 21 22 23 24 25 26 27 28 29 30 31 32 33 34
    > C A C A A A C A A A C C A A C A A
    > 35 36 37 38 39 40 41 42 43 44 45 46 47 48 49 50 51
    > C A A C C C A A C C C C A A A A A
    > 52 53 54 55 56 57 58 59 60 61 62 63 64 65 66 67 68
    > A C C C C A C C A C C C C C C A A
    > 69 70 71 72 73 74 75 76 77 78 79 80 81 82 83 84 85
    > A A A C C A C A C C C C C C C C C
    > 86 87 88 89 90 91 92 93 94 95 96 97 98 99 100 101 102
    > C C C A C A C A C C C C C C C C A
    > 103 104 105 106 107 108 109 110 111 112 113 114 115 116 117 118 119
    > C C C A C C A C C C C C C C A C C
    > 120 121 122 123 124 125 126 127 128 129 130 131 132 133 134 135 136
    > C C C C C C C C C C C C C C C C C
    > 137 138 139 140 141 142 143 144 145 146 147 148 149 150
    > C A C C C C A C C A C A C A
    870,871c866,867
    < glaucoma 0 0
    < normal 0 0
    ---
    > glaucoma 74 5
    > normal 24 93
    1277,1279c1273,1275
    < setosa 0 0 0
    < versicolor 0 0 0
    < virginica 0 0 0
    ---
    > setosa 50 0 0
    > versicolor 0 54 0
    > virginica 0 0 46
     ‘partykit.Rnw’... NOTE
    differences from ‘partykit.Rout.save’
    348c348
    < <NA> <NA>
    ---
    > yes no
Flavor: r-devel-linux-x86_64-fedora-gcc

Version: 1.2-7
Check: running tests for arch ‘i386’
Result: ERROR
     Running 'bugfixes.R' [8s]
     Comparing 'bugfixes.Rout' to 'bugfixes.Rout.save' ...1059c1059
    < <NA> <NA> <NA>
    ---
    > Never Never Never
     Running 'regtest-MIA.R' [3s]
     Comparing 'regtest-MIA.Rout' to 'regtest-MIA.Rout.save' ... OK
     Running 'regtest-cforest.R' [15s]
     Comparing 'regtest-cforest.Rout' to 'regtest-cforest.Rout.save' ...181c181,187
    < < table of extent 0 x 0 >
    ---
    > Sepal.Width Petal.Length Petal.Width
    > Min. :0 Min. :0.3869 Min. :0.2971
    > 1st Qu.:0 1st Qu.:0.3921 1st Qu.:0.3036
    > Median :0 Median :0.3966 Median :0.3057
    > Mean :0 Mean :0.3952 Mean :0.3117
    > 3rd Qu.:0 3rd Qu.:0.4003 3rd Qu.:0.3179
    > Max. :0 Max. :0.4003 Max. :0.3343
    187c193,194
    < named numeric(0)
    ---
    > Sepal.Width Petal.Length Petal.Width
    > 0.0000000 0.2782738 0.1171429
     Running 'regtest-ctree.R' [3s]
     Comparing 'regtest-ctree.Rout' to 'regtest-ctree.Rout.save' ...30,32c30,32
    < setosa 0 0 0
    < versicolor 0 0 0
    < virginica 0 0 0
    ---
    > setosa 50 0 0
    > versicolor 0 49 5
    > virginica 0 1 45
     Running 'regtest-glmtree.R' [51s]
     Comparing 'regtest-glmtree.Rout' to 'regtest-glmtree.Rout.save' ... OK
     Running 'regtest-lmtree.R' [4s]
     Running 'regtest-nmax.R' [3s]
     Comparing 'regtest-nmax.Rout' to 'regtest-nmax.Rout.save' ... OK
     Running 'regtest-node.R' [3s]
     Comparing 'regtest-node.Rout' to 'regtest-node.Rout.save' ... OK
     Running 'regtest-party-random.R' [4s]
     Running 'regtest-party.R' [6s]
     Running 'regtest-split.R' [3s]
     Comparing 'regtest-split.Rout' to 'regtest-split.Rout.save' ... OK
     Running 'regtest-weights.R' [3s]
     Comparing 'regtest-weights.Rout' to 'regtest-weights.Rout.save' ... OK
    Running the tests in 'tests/regtest-party.R' failed.
    Complete output:
     > suppressWarnings(RNGversion("3.5.2"))
     >
     > ## load package and fix seed
     > library("partykit")
     Loading required package: grid
     Loading required package: libcoin
     Loading required package: mvtnorm
     > set.seed(1)
     >
     > ## rpart: kyphosis data
     > library("rpart")
     > data("kyphosis", package = "rpart")
     > fit <- rpart(Kyphosis ~ Age + Number + Start, data = kyphosis)
     > pfit <- as.party(fit)
     > all(predict(pfit, newdata = kyphosis, type = "node") == fit$where)
     [1] TRUE
     >
     > ## J48: iris data
     > if (require("RWeka")) {
     + data("iris", package = "datasets")
     + itree <- J48(Species ~ ., data = iris)
     + pitree <- as.party(itree)
     + stopifnot(all(predict(pitree) == predict(pitree, newdata = iris[, 3:4])))
     +
     + print(all.equal(predict(itree, type = "prob", newdata = iris),
     + predict(pitree, type = "prob", newdata = iris)))
     + print(all.equal(predict(itree, newdata = iris),
     + predict(pitree, newdata = iris)))
     +
     + ## rpart/J48: GlaucomaM data
     + data("GlaucomaM", package = "TH.data")
     + w <- runif(nrow(GlaucomaM))
     + fit <- rpart(Class ~ ., data = GlaucomaM, weights = w)
     + pfit <- as.party(fit)
     + print(all(predict(pfit, type = "node") == fit$where))
     + tmp <- GlaucomaM[sample(1:nrow(GlaucomaM), 100),]
     + print(all.equal(predict(fit, type = "prob", newdata = tmp), predict(pfit, type = "prob", newdata = tmp)))
     + print(all.equal(predict(fit, type = "class", newdata = tmp), predict(pfit, newdata = tmp)))
     + itree <- J48(Class ~ ., data = GlaucomaM)
     + pitree <- as.party(itree)
     + print(all.equal(predict(itree, newdata = tmp, type = "prob"), predict(pitree, newdata = tmp, type = "prob")))
     + }
     Loading required package: RWeka
     Error: all(predict(pitree) == predict(pitree, newdata = iris[, 3:4])) is not TRUE
     Execution halted
Flavor: r-devel-windows-ix86+x86_64

Version: 1.2-7
Check: running tests for arch ‘x64’
Result: ERROR
     Running 'bugfixes.R' [9s]
     Comparing 'bugfixes.Rout' to 'bugfixes.Rout.save' ...1059c1059
    < <NA> <NA> <NA>
    ---
    > Never Never Never
     Running 'regtest-MIA.R' [3s]
     Comparing 'regtest-MIA.Rout' to 'regtest-MIA.Rout.save' ... OK
     Running 'regtest-cforest.R' [17s]
     Comparing 'regtest-cforest.Rout' to 'regtest-cforest.Rout.save' ...181c181,187
    < < table of extent 0 x 0 >
    ---
    > Sepal.Width Petal.Length Petal.Width
    > Min. :0 Min. :0.3869 Min. :0.2971
    > 1st Qu.:0 1st Qu.:0.3921 1st Qu.:0.3036
    > Median :0 Median :0.3966 Median :0.3057
    > Mean :0 Mean :0.3952 Mean :0.3117
    > 3rd Qu.:0 3rd Qu.:0.4003 3rd Qu.:0.3179
    > Max. :0 Max. :0.4003 Max. :0.3343
    187c193,194
    < named numeric(0)
    ---
    > Sepal.Width Petal.Length Petal.Width
    > 0.0000000 0.2782738 0.1171429
     Running 'regtest-ctree.R' [3s]
     Comparing 'regtest-ctree.Rout' to 'regtest-ctree.Rout.save' ...30,32c30,32
    < setosa 0 0 0
    < versicolor 0 0 0
    < virginica 0 0 0
    ---
    > setosa 50 0 0
    > versicolor 0 49 5
    > virginica 0 1 45
     Running 'regtest-glmtree.R' [53s]
     Comparing 'regtest-glmtree.Rout' to 'regtest-glmtree.Rout.save' ... OK
     Running 'regtest-lmtree.R' [4s]
     Running 'regtest-nmax.R' [3s]
     Comparing 'regtest-nmax.Rout' to 'regtest-nmax.Rout.save' ... OK
     Running 'regtest-node.R' [3s]
     Comparing 'regtest-node.Rout' to 'regtest-node.Rout.save' ... OK
     Running 'regtest-party-random.R' [4s]
     Running 'regtest-party.R' [6s]
     Running 'regtest-split.R' [3s]
     Comparing 'regtest-split.Rout' to 'regtest-split.Rout.save' ... OK
     Running 'regtest-weights.R' [3s]
     Comparing 'regtest-weights.Rout' to 'regtest-weights.Rout.save' ... OK
    Running the tests in 'tests/regtest-party.R' failed.
    Complete output:
     > suppressWarnings(RNGversion("3.5.2"))
     >
     > ## load package and fix seed
     > library("partykit")
     Loading required package: grid
     Loading required package: libcoin
     Loading required package: mvtnorm
     > set.seed(1)
     >
     > ## rpart: kyphosis data
     > library("rpart")
     > data("kyphosis", package = "rpart")
     > fit <- rpart(Kyphosis ~ Age + Number + Start, data = kyphosis)
     > pfit <- as.party(fit)
     > all(predict(pfit, newdata = kyphosis, type = "node") == fit$where)
     [1] TRUE
     >
     > ## J48: iris data
     > if (require("RWeka")) {
     + data("iris", package = "datasets")
     + itree <- J48(Species ~ ., data = iris)
     + pitree <- as.party(itree)
     + stopifnot(all(predict(pitree) == predict(pitree, newdata = iris[, 3:4])))
     +
     + print(all.equal(predict(itree, type = "prob", newdata = iris),
     + predict(pitree, type = "prob", newdata = iris)))
     + print(all.equal(predict(itree, newdata = iris),
     + predict(pitree, newdata = iris)))
     +
     + ## rpart/J48: GlaucomaM data
     + data("GlaucomaM", package = "TH.data")
     + w <- runif(nrow(GlaucomaM))
     + fit <- rpart(Class ~ ., data = GlaucomaM, weights = w)
     + pfit <- as.party(fit)
     + print(all(predict(pfit, type = "node") == fit$where))
     + tmp <- GlaucomaM[sample(1:nrow(GlaucomaM), 100),]
     + print(all.equal(predict(fit, type = "prob", newdata = tmp), predict(pfit, type = "prob", newdata = tmp)))
     + print(all.equal(predict(fit, type = "class", newdata = tmp), predict(pfit, newdata = tmp)))
     + itree <- J48(Class ~ ., data = GlaucomaM)
     + pitree <- as.party(itree)
     + print(all.equal(predict(itree, newdata = tmp, type = "prob"), predict(pitree, newdata = tmp, type = "prob")))
     + }
     Loading required package: RWeka
     Error: all(predict(pitree) == predict(pitree, newdata = iris[, 3:4])) is not TRUE
     Execution halted
Flavor: r-devel-windows-ix86+x86_64

Version: 1.2-7
Check: running R code from vignettes
Result: NOTE
     'constparty.Rnw'... [13s] NOTE
    differences from 'constparty.Rout.save'
    319,322c319,320
    < 1 2 3 4 5 6 7 8 9 10 11 12 13 14
    < <NA> <NA> <NA> <NA> <NA> <NA> <NA> <NA> <NA> <NA> <NA> <NA> <NA> <NA>
    < 15 16
    < <NA> <NA>
    ---
    > 1 2 3 4 5 6 7 8 9 10 11 12 13 14 15 16
    > Yes Yes No Yes Yes Yes No Yes No No No No Yes Yes No Yes
     'ctree.Rnw' using 'UTF-8'... [14s] NOTE
    differences from 'ctree.Rout.save'
    793,814c793,810
    < 1 2 3 4 5 6 7 8 9 10 11 12 13 14
    < <NA> <NA> <NA> <NA> <NA> <NA> <NA> <NA> <NA> <NA> <NA> <NA> <NA> <NA>
    < 15 16 17 18 19 20 21 22 23 24 25 26 27 28
    < <NA> <NA> <NA> <NA> <NA> <NA> <NA> <NA> <NA> <NA> <NA> <NA> <NA> <NA>
    < 29 30 31 32 33 34 35 36 37 38 39 40 41 42
    < <NA> <NA> <NA> <NA> <NA> <NA> <NA> <NA> <NA> <NA> <NA> <NA> <NA> <NA>
    < 43 44 45 46 47 48 49 50 51 52 53 54 55 56
    < <NA> <NA> <NA> <NA> <NA> <NA> <NA> <NA> <NA> <NA> <NA> <NA> <NA> <NA>
    < 57 58 59 60 61 62 63 64 65 66 67 68 69 70
    < <NA> <NA> <NA> <NA> <NA> <NA> <NA> <NA> <NA> <NA> <NA> <NA> <NA> <NA>
    < 71 72 73 74 75 76 77 78 79 80 81 82 83 84
    < <NA> <NA> <NA> <NA> <NA> <NA> <NA> <NA> <NA> <NA> <NA> <NA> <NA> <NA>
    < 85 86 87 88 89 90 91 92 93 94 95 96 97 98
    < <NA> <NA> <NA> <NA> <NA> <NA> <NA> <NA> <NA> <NA> <NA> <NA> <NA> <NA>
    < 99 100 101 102 103 104 105 106 107 108 109 110 111 112
    < <NA> <NA> <NA> <NA> <NA> <NA> <NA> <NA> <NA> <NA> <NA> <NA> <NA> <NA>
    < 113 114 115 116 117 118 119 120 121 122 123 124 125 126
    < <NA> <NA> <NA> <NA> <NA> <NA> <NA> <NA> <NA> <NA> <NA> <NA> <NA> <NA>
    < 127 128 129 130 131 132 133 134 135 136 137 138 139 140
    < <NA> <NA> <NA> <NA> <NA> <NA> <NA> <NA> <NA> <NA> <NA> <NA> <NA> <NA>
    < 141 142 143 144 145 146 147 148 149 150
    < <NA> <NA> <NA> <NA> <NA> <NA> <NA> <NA> <NA> <NA>
    ---
    > 1 2 3 4 5 6 7 8 9 10 11 12 13 14 15 16 17
    > A A A A C A C A C C A A C A A A A
    > 18 19 20 21 22 23 24 25 26 27 28 29 30 31 32 33 34
    > C A C A A A C A A A C C A A C A A
    > 35 36 37 38 39 40 41 42 43 44 45 46 47 48 49 50 51
    > C A A C C C A A C C C C A A A A A
    > 52 53 54 55 56 57 58 59 60 61 62 63 64 65 66 67 68
    > A C C C C A C C A C C C C C C A A
    > 69 70 71 72 73 74 75 76 77 78 79 80 81 82 83 84 85
    > A A A C C A C A C C C C C C C C C
    > 86 87 88 89 90 91 92 93 94 95 96 97 98 99 100 101 102
    > C C C A C A C A C C C C C C C C A
    > 103 104 105 106 107 108 109 110 111 112 113 114 115 116 117 118 119
    > C C C A C C A C C C C C C C A C C
    > 120 121 122 123 124 125 126 127 128 129 130 131 132 133 134 135 136
    > C C C C C C C C C C C C C C C C C
    > 137 138 139 140 141 142 143 144 145 146 147 148 149 150
    > C A C C C C A C C A C A C A
    870,871c866,867
    < glaucoma 0 0
    < normal 0 0
    ---
    > glaucoma 74 5
    > normal 24 93
    1277,1279c1273,1275
    < setosa 0 0 0
    < versicolor 0 0 0
    < virginica 0 0 0
    ---
    > setosa 50 0 0
    > versicolor 0 54 0
    > virginica 0 0 46
     'partykit.Rnw'... [4s] NOTE
    differences from 'partykit.Rout.save'
    348c348
    < <NA> <NA>
    ---
    > yes no
Flavor: r-devel-windows-ix86+x86_64

Version: 1.2-7
Check: package dependencies
Result: NOTE
    Package suggested but not available for checking: ‘RWeka’
Flavor: r-patched-solaris-x86

Version: 1.2-7
Check: Rd cross-references
Result: NOTE
    Package unavailable to check Rd xrefs: ‘RWeka’
Flavor: r-patched-solaris-x86

Version: 1.2-7
Check: running R code from vignettes
Result: NOTE
     ‘constparty.Rnw’... [12s/14s] NOTE
    differences from ‘constparty.Rout.save’
    84,85d83
    < Warning in library(package, lib.loc = lib.loc, character.only = TRUE, logical.return = TRUE, :
    < there is no package called 'RWeka'
    88c86,87
    < n= 2201
    ---
    > J48 pruned tree
    > ------------------
    90,91c89,102
    < node), split, n, loss, yval, (yprob)
    < * denotes terminal node
    ---
    > Gender = Male
    > | Class = 1st
    > | | Age = Child: Yes (5.0)
    > | | Age = Adult: No (175.0/57.0)
    > | Class = 2nd
    > | | Age = Child: Yes (11.0)
    > | | Age = Adult: No (168.0/14.0)
    > | Class = 3rd: No (510.0/88.0)
    > | Class = Crew: No (862.0/192.0)
    > Gender = Female
    > | Class = 1st: Yes (145.0/4.0)
    > | Class = 2nd: Yes (106.0/13.0)
    > | Class = 3rd: No (196.0/90.0)
    > | Class = Crew: Yes (23.0/3.0)
    93,101c104
    < 1) root 2201 711 No (0.6769650 0.3230350)
    < 2) Gender=Male 1731 367 No (0.7879838 0.2120162)
    < 4) Age=Adult 1667 338 No (0.7972406 0.2027594) *
    < 5) Age=Child 64 29 No (0.5468750 0.4531250)
    < 10) Class=3rd 48 13 No (0.7291667 0.2708333) *
    < 11) Class=1st,2nd 16 0 Yes (0.0000000 1.0000000) *
    < 3) Gender=Female 470 126 Yes (0.2680851 0.7319149)
    < 6) Class=3rd 196 90 No (0.5408163 0.4591837) *
    < 7) Class=1st,2nd,Crew 274 20 Yes (0.0729927 0.9270073) *
    ---
    > Number of Leaves : 10
    102a106,108
    > Size of the tree : 15
    >
    >
    111,117c117,129
    < | | [3] Age in Adult: No (n = 1667, err = 20.3%)
    < | | [4] Age in Child
    < | | | [5] Class in 3rd: No (n = 48, err = 27.1%)
    < | | | [6] Class in 1st, 2nd: Yes (n = 16, err = 0.0%)
    < | [7] Gender in Female
    < | | [8] Class in 3rd: No (n = 196, err = 45.9%)
    < | | [9] Class in 1st, 2nd, Crew: Yes (n = 274, err = 7.3%)
    ---
    > | | [3] Class in 1st
    > | | | [4] Age in Child: Yes (n = 5, err = 0.0%)
    > | | | [5] Age in Adult: No (n = 175, err = 32.6%)
    > | | [6] Class in 2nd
    > | | | [7] Age in Child: Yes (n = 11, err = 0.0%)
    > | | | [8] Age in Adult: No (n = 168, err = 8.3%)
    > | | [9] Class in 3rd: No (n = 510, err = 17.3%)
    > | | [10] Class in Crew: No (n = 862, err = 22.3%)
    > | [11] Gender in Female
    > | | [12] Class in 1st: Yes (n = 145, err = 2.8%)
    > | | [13] Class in 2nd: Yes (n = 106, err = 12.3%)
    > | | [14] Class in 3rd: No (n = 196, err = 45.9%)
    > | | [15] Class in Crew: Yes (n = 23, err = 13.0%)
    119,120c131,132
    < Number of inner nodes: 4
    < Number of terminal nodes: 5
    ---
    > Number of inner nodes: 5
    > Number of terminal nodes: 10
    274,278c286,290
    < [1] -409.3583 -379.6102 -424.6888 -400.2546 -387.4208 -390.8659
    < [7] -405.2264 -382.5447 -391.3828 -376.3678 -394.3874 -403.8596
    < [13] -385.1590 -393.2547 -386.2088 -409.0627 -412.4585 -401.3972
    < [19] -403.0548 -406.7881 -389.8507 -408.0418 -392.1441 -389.4687
    < [25] -399.4419
    ---
    > [1] -390.2268 -410.8696 -377.7492 -416.7790 -396.5327 -383.9575
    > [7] -389.4972 -405.8401 -379.9248 -384.7071 -381.1303 -394.8712
    > [13] -409.8711 -385.3753 -396.2723 -385.6372 -408.9187 -412.4585
    > [19] -401.3972 -403.0548 -406.7881 -389.8507 -408.0418 -392.1441
    > [25] -389.4687
    308c320
    < Yes Yes No No Yes Yes No Yes No No No No Yes Yes No Yes
    ---
    > Yes Yes No Yes Yes Yes No Yes No No No No Yes Yes No Yes
    336c348
    < 4 2 1
    ---
    > 4 1 2
     ‘ctree.Rnw’ using ‘UTF-8’... [23s/28s] OK
     ‘partykit.Rnw’... OK
Flavor: r-patched-solaris-x86