Last updated on 2023-09-25 22:12:46 CEST.
Flavor | Version | Tinstall | Tcheck | Ttotal | Status | Flags |
---|---|---|---|---|---|---|
r-devel-linux-x86_64-debian-clang | 0.4.1 | 70.53 | 35.28 | 105.81 | NOTE | |
r-devel-linux-x86_64-debian-gcc | 0.4.1 | 50.20 | 27.23 | 77.43 | NOTE | |
r-devel-linux-x86_64-fedora-clang | 0.4.1 | 149.09 | NOTE | |||
r-devel-linux-x86_64-fedora-gcc | 0.4.1 | 170.63 | NOTE | |||
r-devel-windows-x86_64 | 0.4.1 | 50.00 | 71.00 | 121.00 | NOTE | |
r-patched-linux-x86_64 | 0.4.1 | 71.56 | 34.13 | 105.69 | NOTE | |
r-release-linux-x86_64 | 0.4.1 | 69.68 | 34.82 | 104.50 | NOTE | |
r-release-macos-arm64 | 0.4.1 | 45.00 | NOTE | |||
r-release-macos-x86_64 | 0.4.1 | 75.00 | NOTE | |||
r-release-windows-x86_64 | 0.4.1 | 51.00 | 79.00 | 130.00 | NOTE | |
r-oldrel-macos-arm64 | 0.4.1 | 44.00 | OK | |||
r-oldrel-macos-x86_64 | 0.4.1 | 49.00 | OK | |||
r-oldrel-windows-x86_64 | 0.4.1 | 65.00 | 78.00 | 143.00 | OK |
Version: 0.4.1
Check: C++ specification
Result: NOTE
Specified C++11: please drop specification unless essential
Flavors: r-devel-linux-x86_64-debian-clang, r-devel-linux-x86_64-debian-gcc, r-devel-linux-x86_64-fedora-clang, r-devel-linux-x86_64-fedora-gcc, r-devel-windows-x86_64, r-patched-linux-x86_64, r-release-linux-x86_64, r-release-macos-arm64, r-release-macos-x86_64, r-release-windows-x86_64