Last updated on 2023-02-07 23:07:55 CET.
Flavor | Version | Tinstall | Tcheck | Ttotal | Status | Flags |
---|---|---|---|---|---|---|
r-devel-linux-x86_64-debian-clang | 0.1-4 | 3.48 | 30.20 | 33.68 | OK | |
r-devel-linux-x86_64-debian-gcc | 0.1-4 | 2.56 | 23.61 | 26.17 | OK | |
r-devel-linux-x86_64-fedora-clang | 0.1-4 | 41.64 | OK | |||
r-devel-linux-x86_64-fedora-gcc | 0.1-4 | 42.20 | NOTE | |||
r-devel-windows-x86_64 | 0.1-4 | 12.00 | 56.00 | 68.00 | OK | |
r-patched-linux-x86_64 | 0.1-4 | 3.03 | 30.30 | 33.33 | OK | |
r-release-linux-x86_64 | 0.1-4 | 3.10 | 30.65 | 33.75 | NOTE | |
r-release-macos-arm64 | 0.1-4 | 17.00 | OK | |||
r-release-macos-x86_64 | 0.1-4 | 23.00 | OK | |||
r-release-windows-x86_64 | 0.1-4 | 13.00 | 64.00 | 77.00 | OK | |
r-oldrel-macos-arm64 | 0.1-4 | 21.00 | OK | |||
r-oldrel-macos-x86_64 | 0.1-4 | 28.00 | OK | |||
r-oldrel-windows-ix86+x86_64 | 0.1-4 | 8.00 | 54.00 | 62.00 | OK |
Version: 0.1-4
Check: for non-standard things in the check directory
Result: NOTE
Found the following files/directories:
‘Minimal-concordance.tex’ ‘Minimal.Rnw’ ‘Minimal.pdf’
‘Minimal.synctex.gz’ ‘Minimal.tex’ ‘figure’
Flavors: r-devel-linux-x86_64-fedora-gcc, r-release-linux-x86_64