CRAN Package Check Results for Package patternize

Last updated on 2019-09-14 22:48:32 CEST.

Flavor Version Tinstall Tcheck Ttotal Status Flags
r-devel-linux-x86_64-debian-clang 0.0.2 18.52 159.86 178.38 OK
r-devel-linux-x86_64-debian-gcc 0.0.2 17.83 124.61 142.44 OK
r-devel-linux-x86_64-fedora-clang 0.0.2 139.18 OK
r-devel-linux-x86_64-fedora-gcc 0.0.2 122.27 OK
r-devel-windows-ix86+x86_64 0.0.2 57.00 221.00 278.00 OK
r-patched-linux-x86_64 0.0.2 19.98 155.75 175.73 OK
r-patched-solaris-x86 0.0.2 296.50 OK
r-release-linux-x86_64 0.0.2 18.08 159.45 177.53 OK
r-release-windows-ix86+x86_64 0.0.2 40.00 162.00 202.00 OK
r-release-osx-x86_64 0.0.2 WARN
r-oldrel-windows-ix86+x86_64 0.0.2 31.00 226.00 257.00 OK
r-oldrel-osx-x86_64 0.0.2 OK

Check Details

Version: 0.0.2
Check: whether package can be installed
Result: WARN
    Found the following significant warnings:
     Warning: 'rgl_init' failed, running with rgl.useNULL = TRUE
Flavor: r-release-osx-x86_64