CRAN Package Check Results for Package patternize

Last updated on 2019-06-24 23:00:02 CEST.

Flavor Version Tinstall Tcheck Ttotal Status Flags
r-devel-linux-x86_64-debian-clang 0.0.2 18.19 158.14 176.33 OK
r-devel-linux-x86_64-debian-gcc 0.0.2 16.21 123.98 140.19 OK
r-devel-linux-x86_64-fedora-clang 0.0.2 208.92 OK
r-devel-linux-x86_64-fedora-gcc 0.0.2 199.05 OK
r-devel-windows-ix86+x86_64 0.0.2 58.00 173.00 231.00 OK
r-patched-linux-x86_64 0.0.2 19.47 154.32 173.79 OK
r-patched-solaris-x86 0.0.2 346.30 OK
r-release-linux-x86_64 0.0.2 19.69 157.47 177.16 OK
r-release-windows-ix86+x86_64 0.0.2 36.00 231.00 267.00 OK
r-release-osx-x86_64 0.0.2 WARN
r-oldrel-windows-ix86+x86_64 0.0.2 24.00 162.00 186.00 OK
r-oldrel-osx-x86_64 0.0.2 OK

Check Details

Version: 0.0.2
Check: whether package can be installed
Result: WARN
    Found the following significant warnings:
     Warning: 'rgl_init' failed, running with rgl.useNULL = TRUE
Flavor: r-release-osx-x86_64