Last updated on 2023-02-07 23:07:55 CET.
Flavor | Version | Tinstall | Tcheck | Ttotal | Status | Flags |
---|---|---|---|---|---|---|
r-devel-linux-x86_64-debian-clang | 2.8.0 | 18.04 | 213.12 | 231.16 | OK | |
r-devel-linux-x86_64-debian-gcc | 2.8.0 | 11.66 | 144.77 | 156.43 | OK | |
r-devel-linux-x86_64-fedora-clang | 2.8.0 | 287.48 | NOTE | |||
r-devel-linux-x86_64-fedora-gcc | 2.8.0 | 272.87 | OK | |||
r-devel-windows-x86_64 | 2.8.0 | 48.00 | 230.00 | 278.00 | OK | |
r-patched-linux-x86_64 | 2.8.0 | 20.39 | 211.21 | 231.60 | OK | |
r-release-linux-x86_64 | 2.8.0 | 18.72 | 200.37 | 219.09 | OK | |
r-release-macos-arm64 | 2.8.0 | 120.00 | OK | |||
r-release-macos-x86_64 | 2.8.0 | 161.00 | OK | |||
r-release-windows-x86_64 | 2.8.0 | 66.00 | 225.00 | 291.00 | OK | |
r-oldrel-macos-arm64 | 2.8.0 | 107.00 | OK | |||
r-oldrel-macos-x86_64 | 2.8.0 | 154.00 | OK | |||
r-oldrel-windows-ix86+x86_64 | 2.8.0 | 29.00 | 222.00 | 251.00 | OK |
Version: 2.8.0
Check: Rd cross-references
Result: NOTE
Undeclared package ‘future’ in Rd xrefs
Flavor: r-devel-linux-x86_64-fedora-clang