CRAN Package Check Results for Package pbdPROF

Last updated on 2018-10-16 22:56:27 CEST.

Flavor Version Tinstall Tcheck Ttotal Status Flags
r-devel-linux-x86_64-debian-clang 0.3-1 6.43 28.38 34.81 OK
r-devel-linux-x86_64-debian-gcc 0.3-1 5.00 24.93 29.93 OK
r-devel-linux-x86_64-fedora-clang 0.3-1 46.06 OK
r-devel-linux-x86_64-fedora-gcc 0.3-1 46.33 OK
r-devel-windows-ix86+x86_64 0.3-1 17.00 61.00 78.00 OK
r-patched-linux-x86_64 0.3-1 5.86 27.51 33.37 OK
r-patched-solaris-x86 0.3-1 61.30 OK
r-release-linux-x86_64 0.3-1 5.75 25.72 31.47 OK
r-release-windows-ix86+x86_64 0.3-1 15.00 57.00 72.00 OK
r-release-osx-x86_64 0.3-1 ERROR
r-oldrel-windows-ix86+x86_64 0.3-1 11.00 48.00 59.00 OK
r-oldrel-osx-x86_64 0.3-1 ERROR

Check Details

Version: 0.3-1
Check: whether package can be installed
Result: ERROR
    Installation failed.
Flavors: r-release-osx-x86_64, r-oldrel-osx-x86_64