CRAN Package Check Results for Package pbdPROF

Last updated on 2017-12-15 22:47:57 CET.

Flavor Version Tinstall Tcheck Ttotal Status Flags
r-devel-linux-x86_64-debian-clang 0.3-1 4.52 27.46 31.98 OK
r-devel-linux-x86_64-debian-gcc 0.3-1 4.27 23.10 27.37 OK
r-devel-linux-x86_64-fedora-clang 0.3-1 40.98 OK
r-devel-linux-x86_64-fedora-gcc 0.3-1 38.95 OK
r-devel-windows-ix86+x86_64 0.3-1 19.00 48.00 67.00 OK
r-patched-linux-x86_64 0.3-1 3.93 26.44 30.37 OK
r-patched-solaris-x86 0.3-1 52.20 OK
r-release-linux-x86_64 0.3-1 4.05 26.89 30.94 OK
r-release-windows-ix86+x86_64 0.3-1 11.00 48.00 59.00 OK
r-release-osx-x86_64 0.3-1 ERROR
r-oldrel-windows-ix86+x86_64 0.3-1 9.00 48.00 57.00 OK
r-oldrel-osx-x86_64 0.3-1 ERROR

Check Details

Version: 0.3-1
Check: whether package can be installed
Result: ERROR
    Installation failed.
Flavors: r-release-osx-x86_64, r-oldrel-osx-x86_64