CRAN Package Check Results for Package pbdPROF

Last updated on 2018-07-16 22:52:23 CEST.

Flavor Version Tinstall Tcheck Ttotal Status Flags
r-devel-linux-x86_64-debian-clang 0.3-1 5.81 26.00 31.81 OK
r-devel-linux-x86_64-debian-gcc 0.3-1 4.88 24.19 29.07 OK
r-devel-linux-x86_64-fedora-clang 0.3-1 42.95 OK
r-devel-linux-x86_64-fedora-gcc 0.3-1 41.14 OK
r-devel-windows-ix86+x86_64 0.3-1 16.00 58.00 74.00 OK
r-patched-linux-x86_64 0.3-1 5.86 27.74 33.60 OK
r-patched-solaris-x86 0.3-1 61.60 OK
r-release-linux-x86_64 0.3-1 6.08 28.10 34.18 OK
r-release-windows-ix86+x86_64 0.3-1 15.00 57.00 72.00 OK
r-release-osx-x86_64 0.3-1 ERROR
r-oldrel-windows-ix86+x86_64 0.3-1 11.00 48.00 59.00 OK
r-oldrel-osx-x86_64 0.3-1 ERROR

Check Details

Version: 0.3-1
Check: whether package can be installed
Result: ERROR
    Installation failed.
Flavors: r-release-osx-x86_64, r-oldrel-osx-x86_64