CRAN Package Check Results for Package pcal

Last updated on 2021-04-13 22:53:51 CEST.

Flavor Version Tinstall Tcheck Ttotal Status Flags
r-devel-linux-x86_64-debian-clang 1.0.0 2.22 27.21 29.43 NOTE
r-devel-linux-x86_64-debian-gcc 1.0.0 1.82 21.55 23.37 NOTE
r-devel-linux-x86_64-fedora-clang 1.0.0 45.73 NOTE
r-devel-linux-x86_64-fedora-gcc 1.0.0 36.35 NOTE
r-devel-windows-ix86+x86_64 1.0.0 13.00 39.00 52.00 NOTE
r-devel-windows-x86_64-gcc10-UCRT 1.0.0 NOTE
r-patched-linux-x86_64 1.0.0 2.00 26.41 28.41 OK
r-patched-solaris-x86 1.0.0 56.50 OK
r-release-linux-x86_64 1.0.0 2.36 26.71 29.07 OK
r-release-macos-x86_64 1.0.0 OK
r-release-windows-ix86+x86_64 1.0.0 4.00 46.00 50.00 OK
r-oldrel-macos-x86_64 1.0.0 OK
r-oldrel-windows-ix86+x86_64 1.0.0 4.00 30.00 34.00 OK

Check Details

Version: 1.0.0
Check: LazyData
Result: NOTE
     'LazyData' is specified without a 'data' directory
Flavors: r-devel-linux-x86_64-debian-clang, r-devel-linux-x86_64-debian-gcc, r-devel-linux-x86_64-fedora-clang, r-devel-linux-x86_64-fedora-gcc, r-devel-windows-ix86+x86_64, r-devel-windows-x86_64-gcc10-UCRT