Last updated on 2024-03-28 23:01:52 CET.
Flavor | Version | Tinstall | Tcheck | Ttotal | Status | Flags |
---|---|---|---|---|---|---|
r-devel-linux-x86_64-debian-clang | 2.7-11 | 121.41 | 419.79 | 541.20 | OK | |
r-devel-linux-x86_64-debian-gcc | 2.7-11 | 94.10 | 317.09 | 411.19 | OK | |
r-devel-linux-x86_64-fedora-clang | 2.7-11 | 685.77 | NOTE | |||
r-devel-linux-x86_64-fedora-gcc | 2.7-11 | 709.47 | OK | |||
r-devel-windows-x86_64 | 2.7-11 | 100.00 | 360.00 | 460.00 | NOTE | |
r-patched-linux-x86_64 | 2.7-11 | 138.45 | 413.54 | 551.99 | OK | |
r-release-linux-x86_64 | 2.7-11 | 118.97 | 406.93 | 525.90 | OK | |
r-release-macos-arm64 | 2.7-11 | 202.00 | NOTE | |||
r-release-macos-x86_64 | 2.7-11 | 454.00 | NOTE | |||
r-release-windows-x86_64 | 2.7-11 | 126.00 | 442.00 | 568.00 | NOTE | |
r-oldrel-macos-arm64 | 2.7-11 | 195.00 | NOTE | |||
r-oldrel-windows-x86_64 | 2.7-11 | 120.00 | 454.00 | 574.00 | NOTE |
Version: 2.7-11
Check: installed package size
Result: NOTE
installed size is 5.5Mb
sub-directories of 1Mb or more:
data 2.2Mb
Flavors: r-devel-linux-x86_64-fedora-clang, r-devel-windows-x86_64, r-release-macos-arm64, r-release-macos-x86_64, r-release-windows-x86_64, r-oldrel-macos-arm64, r-oldrel-windows-x86_64
Version: 2.7-11
Check: Rd cross-references
Result: NOTE
Undeclared packages ‘combinat’, ‘unifDAG’ in Rd xrefs
Flavor: r-devel-linux-x86_64-fedora-clang