CRAN Package Check Results for Package pcalg

Last updated on 2019-05-22 22:52:44 CEST.

Flavor Version Tinstall Tcheck Ttotal Status Flags
r-devel-linux-x86_64-debian-clang 2.6-2 93.00 368.38 461.38 OK
r-devel-linux-x86_64-debian-gcc 2.6-2 78.12 284.16 362.28 OK
r-devel-linux-x86_64-fedora-clang 2.6-2 540.95 NOTE
r-devel-linux-x86_64-fedora-gcc 2.6-2 487.88 OK
r-devel-windows-ix86+x86_64 2.6-2 172.00 792.00 964.00 NOTE
r-patched-linux-x86_64 2.6-2 91.26 367.81 459.07 OK
r-patched-solaris-x86 2.6-2 658.30 NOTE
r-release-linux-x86_64 2.6-2 89.74 365.01 454.75 OK
r-release-windows-ix86+x86_64 2.6-2 240.00 593.00 833.00 NOTE
r-release-osx-x86_64 2.6-2 ERROR
r-oldrel-windows-ix86+x86_64 2.6-2 181.00 541.00 722.00 NOTE
r-oldrel-osx-x86_64 2.6-2 NOTE

Check Details

Version: 2.6-2
Check: installed package size
Result: NOTE
     installed size is 11.6Mb
     sub-directories of 1Mb or more:
     data 2.1Mb
     doc 1.2Mb
     libs 6.1Mb
Flavors: r-devel-linux-x86_64-fedora-clang, r-devel-windows-ix86+x86_64, r-patched-solaris-x86, r-release-windows-ix86+x86_64, r-oldrel-windows-ix86+x86_64, r-oldrel-osx-x86_64

Version: 2.6-2
Check: package dependencies
Result: ERROR
    Packages required but not available: 'graph', 'RBGL'
    
    Package suggested but not available for checking: ‘Rgraphviz’
    
    See section ‘The DESCRIPTION file’ in the ‘Writing R Extensions’
    manual.
Flavor: r-release-osx-x86_64