Last updated on 2024-05-03 22:53:20 CEST.
Flavor | Version | Tinstall | Tcheck | Ttotal | Status | Flags |
---|---|---|---|---|---|---|
r-devel-linux-x86_64-debian-clang | 1.0.0 | 81.07 | 32.01 | 113.08 | OK | |
r-devel-linux-x86_64-fedora-clang | 1.0.0 | 129.55 | OK | |||
r-devel-linux-x86_64-fedora-gcc | 1.0.0 | 160.34 | OK | |||
r-devel-windows-x86_64 | 1.0.0 | 53.00 | 69.00 | 122.00 | OK | |
r-patched-linux-x86_64 | 1.0.0 | 74.70 | 36.11 | 110.81 | OK | |
r-release-linux-x86_64 | 1.0.0 | 73.82 | 34.95 | 108.77 | OK | |
r-release-macos-arm64 | 1.0.0 | 33.00 | NOTE | |||
r-release-windows-x86_64 | 1.0.0 | 49.00 | 65.00 | 114.00 | OK | |
r-oldrel-macos-arm64 | 1.0.0 | 42.00 | NOTE | |||
r-oldrel-macos-x86_64 | 1.0.0 | 59.00 | NOTE | |||
r-oldrel-windows-x86_64 | 1.0.0 | 65.00 | 73.00 | 138.00 | OK |
Version: 1.0.0
Check: installed package size
Result: NOTE
installed size is 27.6Mb
sub-directories of 1Mb or more:
libs 27.5Mb
Flavors: r-release-macos-arm64, r-oldrel-macos-arm64, r-oldrel-macos-x86_64