CRAN Package Check Results for Package pcdpca

Last updated on 2023-06-09 22:58:34 CEST.

Flavor Version Tinstall Tcheck Ttotal Status Flags
r-devel-linux-x86_64-debian-clang 0.4 2.16 30.08 32.24 NOTE
r-devel-linux-x86_64-debian-gcc 0.4 1.61 23.24 24.85 NOTE
r-devel-linux-x86_64-fedora-clang 0.4 40.53 NOTE
r-devel-linux-x86_64-fedora-gcc 0.4 37.75 NOTE
r-devel-windows-x86_64 0.4 4.00 45.00 49.00 NOTE
r-patched-linux-x86_64 0.4 9.08 28.44 37.52 NOTE
r-release-linux-x86_64 0.4 2.12 28.17 30.29 NOTE
r-release-macos-arm64 0.4 21.00 NOTE
r-release-macos-x86_64 0.4 23.00 NOTE
r-release-windows-x86_64 0.4 5.00 47.00 52.00 NOTE
r-oldrel-macos-arm64 0.4 20.00 NOTE
r-oldrel-macos-x86_64 0.4 30.00 NOTE
r-oldrel-windows-x86_64 0.4 4.00 49.00 53.00 NOTE

Check Details

Version: 0.4
Check: LazyData
Result: NOTE
     'LazyData' is specified without a 'data' directory
Flavors: r-devel-linux-x86_64-debian-clang, r-devel-linux-x86_64-debian-gcc, r-devel-linux-x86_64-fedora-clang, r-devel-linux-x86_64-fedora-gcc, r-devel-windows-x86_64, r-patched-linux-x86_64, r-release-linux-x86_64, r-release-macos-arm64, r-release-macos-x86_64, r-release-windows-x86_64, r-oldrel-macos-arm64, r-oldrel-macos-x86_64, r-oldrel-windows-x86_64

Version: 0.4
Check: dependencies in R code
Result: NOTE
    Namespace in Imports field not imported from: ‘fda’
     All declared Imports should be used.
Flavors: r-devel-linux-x86_64-fedora-clang, r-devel-linux-x86_64-fedora-gcc, r-oldrel-macos-arm64, r-oldrel-macos-x86_64