CRAN Package Check Results for Package pct

Last updated on 2019-08-16 22:48:27 CEST.

Flavor Version Tinstall Tcheck Ttotal Status Flags
r-devel-linux-x86_64-debian-clang 0.2.4 3.27 108.52 111.79 OK
r-devel-linux-x86_64-debian-gcc 0.2.4 2.71 87.38 90.09 OK
r-devel-linux-x86_64-fedora-clang 0.2.4 126.65 NOTE
r-devel-linux-x86_64-fedora-gcc 0.2.4 132.81 NOTE
r-devel-windows-ix86+x86_64 0.2.4 14.00 120.00 134.00 OK
r-patched-linux-x86_64 0.2.4 3.17 110.22 113.39 OK
r-patched-solaris-x86 0.2.4 186.30 WARN
r-release-linux-x86_64 0.2.4 2.99 109.84 112.83 OK
r-release-windows-ix86+x86_64 0.2.4 13.00 139.00 152.00 OK
r-release-osx-x86_64 0.2.4 WARN
r-oldrel-windows-ix86+x86_64 0.2.4 8.00 127.00 135.00 OK
r-oldrel-osx-x86_64 0.2.4 WARN

Check Details

Version: 0.2.4
Check: data for non-ASCII characters
Result: NOTE
     Note: found 11 marked UTF-8 strings
Flavors: r-devel-linux-x86_64-fedora-clang, r-devel-linux-x86_64-fedora-gcc, r-patched-solaris-x86, r-release-osx-x86_64, r-oldrel-osx-x86_64

Version: 0.2.4
Check: re-building of vignette outputs
Result: WARN
    Error(s) in re-building vignettes:
     ...
    --- re-building ‘pct-international.Rmd’ using rmarkdown
    Warning in engine$weave(file, quiet = quiet, encoding = enc) :
     Pandoc (>= 1.12.3) and/or pandoc-citeproc not available. Falling back to R Markdown v1.
    Warning in st_centroid.sf(zones) :
     st_centroid assumes attributes are constant over geometries of x
    Warning in st_centroid.sfc(st_geometry(x), of_largest_polygon = of_largest_polygon) :
     st_centroid does not give correct centroids for longitude/latitude data
    Quitting from lines 109-116 (pct-international.Rmd)
    Error: processing vignette 'pct-international.Rmd' failed with diagnostics:
    there is no package called 'webshot'
    --- failed re-building ‘pct-international.Rmd’
    
    --- re-building ‘pct.Rmd’ using rmarkdown
    Warning in engine$weave(file, quiet = quiet, encoding = enc) :
     Pandoc (>= 1.12.3) and/or pandoc-citeproc not available. Falling back to R Markdown v1.
    Quitting from lines 169-175 (pct.Rmd)
    Error: processing vignette 'pct.Rmd' failed with diagnostics:
    there is no package called 'webshot'
    --- failed re-building ‘pct.Rmd’
    
    --- re-building ‘pct_training.Rmd’ using rmarkdown
    Warning in engine$weave(file, quiet = quiet, encoding = enc) :
     Pandoc (>= 1.12.3) and/or pandoc-citeproc not available. Falling back to R Markdown v1.
    
    Attaching package: 'dplyr'
    
    The following objects are masked from 'package:stats':
    
     filter, lag
    
    The following objects are masked from 'package:base':
    
     intersect, setdiff, setequal, union
    
    trying URL 'https://github.com/npct/pct-outputs-regional-R/raw/master/commute/msoa/west-yorkshire/z.Rds'
    Content type 'application/octet-stream' length 162690 bytes (158 KB)
    ==================================================
    downloaded 158 KB
    
    Loading required package: sp
    trying URL 'https://github.com/npct/pct-outputs-regional-R/raw/master/commute/msoa/west-yorkshire/l.Rds'
    Content type 'application/octet-stream' length 2342585 bytes (2.2 MB)
    ==================================================
    downloaded 2.2 MB
    
    Quitting from lines 104-121 (pct_training.Rmd)
    Error: processing vignette 'pct_training.Rmd' failed with diagnostics:
    there is no package called 'webshot'
    --- failed re-building ‘pct_training.Rmd’
    
    SUMMARY: processing the following files failed:
     ‘pct-international.Rmd’ ‘pct.Rmd’ ‘pct_training.Rmd’
    
    Error: Vignette re-building failed.
    Execution halted
Flavor: r-patched-solaris-x86

Version: 0.2.4
Check: re-building of vignette outputs
Result: WARN
    Error(s) in re-building vignettes:
    --- re-building ‘pct-international.Rmd’ using rmarkdown
    Warning in engine$weave(file, quiet = quiet, encoding = enc) :
     Pandoc (>= 1.12.3) and/or pandoc-citeproc not available. Falling back to R Markdown v1.
    Warning in st_centroid.sf(zones) :
     st_centroid assumes attributes are constant over geometries of x
    Warning in st_centroid.sfc(st_geometry(x), of_largest_polygon = of_largest_polygon) :
     st_centroid does not give correct centroids for longitude/latitude data
    Quitting from lines 109-116 (pct-international.Rmd)
    Error: processing vignette 'pct-international.Rmd' failed with diagnostics:
    cannot open the connection
    --- failed re-building ‘pct-international.Rmd’
    
    --- re-building ‘pct.Rmd’ using rmarkdown
    Warning in engine$weave(file, quiet = quiet, encoding = enc) :
     Pandoc (>= 1.12.3) and/or pandoc-citeproc not available. Falling back to R Markdown v1.
    Quitting from lines 169-175 (pct.Rmd)
    Error: processing vignette 'pct.Rmd' failed with diagnostics:
    cannot open the connection
    --- failed re-building ‘pct.Rmd’
    
    --- re-building ‘pct_training.Rmd’ using rmarkdown
    Warning in engine$weave(file, quiet = quiet, encoding = enc) :
     Pandoc (>= 1.12.3) and/or pandoc-citeproc not available. Falling back to R Markdown v1.
    
    Attaching package: 'dplyr'
    
    The following objects are masked from 'package:stats':
    
     filter, lag
    
    The following objects are masked from 'package:base':
    
     intersect, setdiff, setequal, union
    
    trying URL 'https://github.com/npct/pct-outputs-regional-R/raw/master/commute/msoa/west-yorkshire/z.Rds'
    Content type 'application/octet-stream' length 162690 bytes (158 KB)
    ==================================================
    downloaded 158 KB
    
    Loading required package: sp
    trying URL 'https://github.com/npct/pct-outputs-regional-R/raw/master/commute/msoa/west-yorkshire/l.Rds'
    Content type 'application/octet-stream' length 2325924 bytes (2.2 MB)
    ==================================================
    downloaded 2.2 MB
    
    PhantomJS not found. You can install it with webshot::install_phantomjs(). If it is installed, please make sure the phantomjs executable can be found via the PATH variable.
    Quitting from lines 104-121 (pct_training.Rmd)
    Error: processing vignette 'pct_training.Rmd' failed with diagnostics:
    cannot open the connection
    --- failed re-building ‘pct_training.Rmd’
    
    SUMMARY: processing the following files failed:
     ‘pct-international.Rmd’ ‘pct.Rmd’ ‘pct_training.Rmd’
    
    Error: Vignette re-building failed.
    Execution halted
Flavor: r-release-osx-x86_64

Version: 0.2.4
Check: re-building of vignette outputs
Result: WARN
    Error in re-building vignettes:
     ...
    Warning in engine$weave(file, quiet = quiet, encoding = enc) :
     Pandoc (>= 1.12.3) and/or pandoc-citeproc not available. Falling back to R Markdown v1.
    Warning in st_centroid.sf(zones) :
     st_centroid assumes attributes are constant over geometries of x
    Warning in st_centroid.sfc(st_geometry(x), of_largest_polygon = of_largest_polygon) :
     st_centroid does not give correct centroids for longitude/latitude data
    Quitting from lines 109-116 (pct-international.Rmd)
    Error: processing vignette 'pct-international.Rmd' failed with diagnostics:
    cannot open the connection
    Execution halted
Flavor: r-oldrel-osx-x86_64