Last updated on 2023-06-05 23:09:37 CEST.
Flavor | Version | Tinstall | Tcheck | Ttotal | Status | Flags |
---|---|---|---|---|---|---|
r-devel-linux-x86_64-debian-clang | 0.9.9 | 4.01 | 46.78 | 50.79 | OK | |
r-devel-linux-x86_64-debian-gcc | 0.9.9 | 2.99 | 37.41 | 40.40 | OK | |
r-devel-linux-x86_64-fedora-clang | 0.9.9 | 64.17 | NOTE | |||
r-devel-linux-x86_64-fedora-gcc | 0.9.9 | 71.91 | NOTE | |||
r-devel-windows-x86_64 | 0.9.9 | 6.00 | 69.00 | 75.00 | OK | |
r-patched-linux-x86_64 | 0.9.9 | 3.82 | 46.07 | 49.89 | OK | |
r-release-linux-x86_64 | 0.9.9 | 2.95 | 45.54 | 48.49 | OK | |
r-release-macos-arm64 | 0.9.9 | 42.00 | OK | |||
r-release-macos-x86_64 | 0.9.8 | 57.00 | OK | |||
r-release-windows-x86_64 | 0.9.9 | 7.00 | 74.00 | 81.00 | OK | |
r-oldrel-macos-arm64 | 0.9.9 | 36.00 | OK | |||
r-oldrel-macos-x86_64 | 0.9.9 | 40.00 | OK | |||
r-oldrel-windows-x86_64 | 0.9.9 | 7.00 | 73.00 | 80.00 | OK |
Version: 0.9.9
Check: data for non-ASCII characters
Result: NOTE
Note: found 11 marked UTF-8 strings
Flavors: r-devel-linux-x86_64-fedora-clang, r-devel-linux-x86_64-fedora-gcc