Last updated on 2021-04-22 22:53:58 CEST.
Flavor | Version | Tinstall | Tcheck | Ttotal | Status | Flags |
---|---|---|---|---|---|---|
r-devel-linux-x86_64-debian-clang | 0.7.0 | 7.26 | 74.39 | 81.65 | OK | |
r-devel-linux-x86_64-debian-gcc | 0.7.0 | 5.47 | 55.12 | 60.59 | OK | |
r-devel-linux-x86_64-fedora-clang | 0.7.0 | 111.72 | NOTE | |||
r-devel-linux-x86_64-fedora-gcc | 0.7.0 | 91.52 | OK | |||
r-devel-windows-ix86+x86_64 | 0.7.0 | 20.00 | 111.00 | 131.00 | OK | |
r-devel-windows-x86_64-gcc10-UCRT | 0.7.0 | OK | ||||
r-patched-linux-x86_64 | 0.7.0 | 7.53 | 68.54 | 76.07 | WARN | |
r-patched-solaris-x86 | 0.7.0 | 144.70 | OK | |||
r-release-linux-x86_64 | 0.7.0 | 7.12 | 68.52 | 75.64 | OK | |
r-release-macos-x86_64 | 0.7.0 | OK | ||||
r-release-windows-ix86+x86_64 | 0.7.0 | 20.00 | 103.00 | 123.00 | OK | |
r-oldrel-macos-x86_64 | 0.7.0 | OK | ||||
r-oldrel-windows-ix86+x86_64 | 0.7.0 | 37.00 | 121.00 | 158.00 | OK |
Version: 0.7.0
Check: Rd cross-references
Result: NOTE
Undeclared packages ‘mlbench’, ‘foreach’, ‘ICEbox’ in Rd xrefs
Flavor: r-devel-linux-x86_64-fedora-clang
Version: 0.7.0
Check: whether package can be installed
Result: WARN
Found the following significant warnings:
Rd warning: /tmp/Rtmpyv73lZ/R.INSTALL679e603ae816/pdp/man/autoplot.partial.Rd:95: file link ‘ggplot2’ in package ‘ggplot2’ does not exist and so has been treated as a topic
Rd warning: /tmp/Rtmpyv73lZ/R.INSTALL679e603ae816/pdp/man/boston.Rd:33: file link ‘BostonHousing2’ in package ‘mlbench’ does not exist and so has been treated as a topic
Rd warning: /tmp/Rtmpyv73lZ/R.INSTALL679e603ae816/pdp/man/grid.arrange.Rd:10: file link ‘grid.arrange’ in package ‘gridExtra’ does not exist and so has been treated as a topic
Rd warning: /tmp/Rtmpyv73lZ/R.INSTALL679e603ae816/pdp/man/partial.Rd:180: file link ‘lattice’ in package ‘lattice’ does not exist and so has been treated as a topic
Rd warning: /tmp/Rtmpyv73lZ/R.INSTALL679e603ae816/pdp/man/pdp.Rd:21: file link ‘lattice’ in package ‘lattice’ does not exist and so has been treated as a topic
Rd warning: /tmp/Rtmpyv73lZ/R.INSTALL679e603ae816/pdp/man/pdp.Rd:22: file link ‘ggplot2’ in package ‘ggplot2’ does not exist and so has been treated as a topic
Rd warning: /tmp/Rtmpyv73lZ/R.INSTALL679e603ae816/pdp/man/pima.Rd:27: file link ‘PimaIndiansDiabetes2’ in package ‘mlbench’ does not exist and so has been treated as a topic
Rd warning: /tmp/Rtmpyv73lZ/R.INSTALL679e603ae816/pdp/man/pipe.Rd:10: file link ‘%>%’ in package ‘magrittr’ does not exist and so has been treated as a topic
Rd warning: /tmp/Rtmpyv73lZ/R.INSTALL679e603ae816/pdp/man/plotPartial.Rd:96: file link ‘lattice’ in package ‘lattice’ does not exist and so has been treated as a topic
Rd warning: /tmp/Rtmpyv73lZ/R.INSTALL679e603ae816/pdp/man/plotPartial.Rd:80: file link ‘viridis’ in package ‘viridis’ does not exist and so has been treated as a topic
Rd warning: /tmp/Rtmpyv73lZ/R.INSTALL679e603ae816/pdp/man/plotPartial.Rd:87: file link ‘co.intervals’ in package ‘graphics’ does not exist and so has been treated as a topic
Rd warning: /tmp/Rtmpyv73lZ/R.INSTALL679e603ae816/pdp/man/plotPartial.Rd:88: file link ‘equal.count’ in package ‘lattice’ does not exist and so has been treated as a topic
Rd warning: /tmp/Rtmpyv73lZ/R.INSTALL679e603ae816/pdp/man/plotPartial.Rd:91: file link ‘co.intervals’ in package ‘graphics’ does not exist and so has been treated as a topic
Rd warning: /tmp/Rtmpyv73lZ/R.INSTALL679e603ae816/pdp/man/plotPartial.Rd:91: file link ‘equal.count’ in package ‘lattice’ does not exist and so has been treated as a topic
Rd warning: /tmp/Rtmpyv73lZ/R.INSTALL679e603ae816/pdp/man/trellis.last.object.Rd:10: file link ‘trellis.last.object’ in package ‘lattice’ does not exist and so has been treated as a topic
Flavor: r-patched-linux-x86_64