CRAN Package Check Results for Package pecora

Last updated on 2023-12-01 21:54:14 CET.

Flavor Version Tinstall Tcheck Ttotal Status Flags
r-devel-linux-x86_64-debian-clang 0.1.1 42.32 28.33 70.65 OK
r-devel-linux-x86_64-debian-gcc 0.1.1 31.01 22.00 53.01 OK
r-devel-linux-x86_64-fedora-clang 0.1.1 110.79 OK
r-devel-linux-x86_64-fedora-gcc 0.1.1 104.85 OK
r-devel-windows-x86_64 0.1.1 36.00 62.00 98.00 NOTE
r-patched-linux-x86_64 0.1.1 36.26 28.21 64.47 OK
r-release-linux-x86_64 0.1.1 35.16 28.02 63.18 OK
r-release-macos-arm64 0.1.1 32.00 OK
r-release-macos-x86_64 0.1.1 53.00 OK
r-release-windows-x86_64 0.1.1 46.00 68.00 114.00 NOTE
r-oldrel-macos-arm64 0.1.1 28.00 OK
r-oldrel-macos-x86_64 0.1.1 38.00 OK
r-oldrel-windows-x86_64 0.1.1 44.00 69.00 113.00 OK

Check Details

Version: 0.1.1
Check: C++ specification
Result: NOTE Specified C++11: please drop specification unless essential Flavors: r-devel-windows-x86_64, r-release-windows-x86_64