Last updated on 2023-06-04 23:00:07 CEST.
Flavor | Version | Tinstall | Tcheck | Ttotal | Status | Flags |
---|---|---|---|---|---|---|
r-devel-linux-x86_64-debian-clang | 3.6 | 10.58 | 94.75 | 105.33 | NOTE | |
r-devel-linux-x86_64-debian-gcc | 3.6 | 6.73 | 73.93 | 80.66 | NOTE | |
r-devel-linux-x86_64-fedora-clang | 3.6 | 133.86 | NOTE | |||
r-devel-linux-x86_64-fedora-gcc | 3.6 | 137.24 | NOTE | |||
r-devel-windows-x86_64 | 3.6 | 9.00 | 100.00 | 109.00 | NOTE | |
r-patched-linux-x86_64 | 3.6 | 8.78 | 93.14 | 101.92 | NOTE | |
r-release-linux-x86_64 | 3.6 | 9.57 | 91.78 | 101.35 | NOTE | |
r-release-macos-arm64 | 3.6 | 53.00 | NOTE | |||
r-release-macos-x86_64 | 3.6 | 84.00 | NOTE | |||
r-release-windows-x86_64 | 3.6 | 12.00 | 113.00 | 125.00 | NOTE | |
r-oldrel-macos-arm64 | 3.6 | 44.00 | OK | |||
r-oldrel-macos-x86_64 | 3.6 | 58.00 | OK | |||
r-oldrel-windows-x86_64 | 3.6 | 12.00 | 117.00 | 129.00 | OK |
Version: 3.6
Check: Rd \usage sections
Result: NOTE
S3 methods shown with full name in documentation object ‘format.relation’:
‘format.relation’
The \usage entries for S3 methods should use the \method markup and not
their full name.
See chapter ‘Writing R documentation files’ in the ‘Writing R
Extensions’ manual.
Flavors: r-devel-linux-x86_64-debian-clang, r-devel-linux-x86_64-debian-gcc, r-devel-linux-x86_64-fedora-clang, r-devel-linux-x86_64-fedora-gcc, r-devel-windows-x86_64, r-patched-linux-x86_64, r-release-linux-x86_64, r-release-macos-arm64, r-release-macos-x86_64, r-release-windows-x86_64