Last updated on 2024-04-22 23:09:59 CEST.
Flavor | Version | Tinstall | Tcheck | Ttotal | Status | Flags |
---|---|---|---|---|---|---|
r-devel-linux-x86_64-debian-clang | 0.2.4 | 14.42 | 96.92 | 111.34 | OK | |
r-devel-linux-x86_64-debian-gcc | 0.2.4 | 12.17 | 70.86 | 83.03 | OK | |
r-devel-linux-x86_64-fedora-clang | 0.2.4 | 140.70 | NOTE | |||
r-devel-linux-x86_64-fedora-gcc | 0.2.4 | 138.53 | NOTE | |||
r-prerel-macos-arm64 | 0.2.4 | 39.00 | OK | |||
r-prerel-windows-x86_64 | 0.2.4 | 13.00 | 87.00 | 100.00 | OK | |
r-patched-linux-x86_64 | 0.2.4 | 17.01 | 90.90 | 107.91 | OK | |
r-release-linux-x86_64 | 0.2.4 | 8.66 | 91.71 | 100.37 | OK | |
r-release-macos-arm64 | 0.2.4 | 41.00 | OK | |||
r-release-macos-x86_64 | 0.2.4 | 78.00 | OK | |||
r-release-windows-x86_64 | 0.2.4 | 17.00 | 102.00 | 119.00 | OK | |
r-oldrel-macos-arm64 | 0.2.4 | 43.00 | OK | |||
r-oldrel-windows-x86_64 | 0.2.4 | 19.00 | 104.00 | 123.00 | OK |
Version: 0.2.4
Check: data for non-ASCII characters
Result: NOTE
Note: found 4860 marked UTF-8 strings
Flavors: r-devel-linux-x86_64-fedora-clang, r-devel-linux-x86_64-fedora-gcc