CRAN Package Check Results for Package pedquant

Last updated on 2021-03-03 22:51:23 CET.

Flavor Version Tinstall Tcheck Ttotal Status Flags
r-devel-linux-x86_64-debian-clang 0.1.6 13.16 88.94 102.10 OK
r-devel-linux-x86_64-debian-gcc 0.1.6 10.84 65.50 76.34 OK
r-devel-linux-x86_64-fedora-clang 0.1.6 129.71 NOTE
r-devel-linux-x86_64-fedora-gcc 0.1.6 117.36 NOTE
r-devel-windows-ix86+x86_64 0.1.6 29.00 82.00 111.00 OK
r-patched-linux-x86_64 0.1.6 12.67 81.57 94.24 OK
r-patched-solaris-x86 0.1.6 162.60 NOTE
r-release-linux-x86_64 0.1.6 12.85 81.57 94.42 OK
r-release-macos-x86_64 0.1.6 NOTE
r-release-windows-ix86+x86_64 0.1.6 18.00 83.00 101.00 OK
r-oldrel-macos-x86_64 0.1.6 NOTE
r-oldrel-windows-ix86+x86_64 0.1.6 24.00 97.00 121.00 OK

Additional issues

donttest

Check Details

Version: 0.1.6
Check: data for non-ASCII characters
Result: NOTE
     Note: found 7240 marked UTF-8 strings
Flavors: r-devel-linux-x86_64-fedora-clang, r-devel-linux-x86_64-fedora-gcc, r-patched-solaris-x86, r-release-macos-x86_64, r-oldrel-macos-x86_64