Last updated on 2023-12-06 23:12:09 CET.
Flavor | Version | Tinstall | Tcheck | Ttotal | Status | Flags |
---|---|---|---|---|---|---|
r-devel-linux-x86_64-debian-clang | 0.99 | 20.99 | 29.24 | 50.23 | OK | |
r-devel-linux-x86_64-debian-gcc | 0.99 | 12.86 | 22.83 | 35.69 | OK | |
r-devel-linux-x86_64-fedora-clang | 0.99 | 69.62 | NOTE | |||
r-devel-linux-x86_64-fedora-gcc | 0.99 | 64.36 | NOTE | |||
r-devel-windows-x86_64 | 0.99 | 17.00 | 67.00 | 84.00 | OK | |
r-patched-linux-x86_64 | 0.99 | 15.22 | 28.31 | 43.53 | OK | |
r-release-linux-x86_64 | 0.99 | 14.78 | 28.83 | 43.61 | OK | |
r-release-macos-arm64 | 0.99 | 21.00 | OK | |||
r-release-macos-x86_64 | 0.99 | 35.00 | OK | |||
r-release-windows-x86_64 | 0.99 | 18.00 | 71.00 | 89.00 | OK | |
r-oldrel-macos-arm64 | 0.99 | 20.00 | OK | |||
r-oldrel-macos-x86_64 | 0.99 | 30.00 | OK | |||
r-oldrel-windows-x86_64 | 0.99 | 21.00 | 74.00 | 95.00 | OK |
Version: 0.99
Check: compiled code
Result: NOTE
File ‘penMSM/libs/penMSM.so’:
Found no calls to: ‘R_registerRoutines’, ‘R_useDynamicSymbols’
It is good practice to register native routines and to disable symbol
search.
See ‘Writing portable packages’ in the ‘Writing R Extensions’ manual.
Flavors: r-devel-linux-x86_64-fedora-clang, r-devel-linux-x86_64-fedora-gcc