CRAN Package Check Results for Package pendensity

Last updated on 2018-02-24 22:47:40 CET.

Flavor Version Tinstall Tcheck Ttotal Status Flags
r-devel-linux-x86_64-debian-clang 0.2.10 6.84 77.02 83.86 WARN
r-devel-linux-x86_64-debian-gcc 0.2.10 4.92 59.19 64.11 WARN
r-devel-linux-x86_64-fedora-clang 0.2.10 104.74 WARN
r-devel-linux-x86_64-fedora-gcc 0.2.10 99.27 WARN
r-devel-windows-ix86+x86_64 0.2.10 13.00 109.00 122.00 WARN
r-patched-linux-x86_64 0.2.10 3.96 87.32 91.28 OK
r-patched-solaris-x86 0.2.10 146.70 OK
r-release-linux-x86_64 0.2.10 3.73 85.20 88.93 OK
r-release-windows-ix86+x86_64 0.2.10 15.00 127.00 142.00 OK
r-release-osx-x86_64 0.2.10 OK
r-oldrel-windows-ix86+x86_64 0.2.10 7.00 108.00 115.00 OK
r-oldrel-osx-x86_64 0.2.10 OK

Check Details

Version: 0.2.10
Check: whether package can be installed
Result: WARN
    Found the following significant warnings:
     Note: break may be used in wrong context: no loop is visible
Flavors: r-devel-linux-x86_64-debian-clang, r-devel-linux-x86_64-debian-gcc, r-devel-linux-x86_64-fedora-clang, r-devel-linux-x86_64-fedora-gcc, r-devel-windows-ix86+x86_64