Last updated on 2023-03-21 22:56:14 CET.
Flavor | Version | Tinstall | Tcheck | Ttotal | Status | Flags |
---|---|---|---|---|---|---|
r-devel-linux-x86_64-debian-clang | 0.2.1 | 53.82 | 54.45 | 108.27 | NOTE | |
r-devel-linux-x86_64-debian-gcc | 0.2.1 | 42.69 | 41.63 | 84.32 | NOTE | |
r-devel-linux-x86_64-fedora-clang | 0.2.1 | 165.23 | NOTE | |||
r-devel-linux-x86_64-fedora-gcc | 0.2.1 | 151.52 | NOTE | |||
r-patched-linux-x86_64 | 0.2.1 | 45.47 | 51.86 | 97.33 | OK | |
r-release-linux-x86_64 | 0.2.1 | 50.18 | 52.42 | 102.60 | OK | |
r-release-macos-arm64 | 0.2.1 | 43.00 | OK | |||
r-release-macos-x86_64 | 0.2.1 | 56.00 | OK | |||
r-release-windows-x86_64 | 0.2.1 | 75.00 | 118.00 | 193.00 | OK | |
r-oldrel-macos-arm64 | 0.2.1 | 50.00 | OK | |||
r-oldrel-macos-x86_64 | 0.2.1 | 78.00 | OK | |||
r-oldrel-windows-ix86+x86_64 | 0.2.1 | 139.00 | 122.00 | 261.00 | OK |
Version: 0.2.1
Check: C++ specification
Result: NOTE
Specified C++11: please drop specification unless essential
Flavors: r-devel-linux-x86_64-debian-clang, r-devel-linux-x86_64-debian-gcc, r-devel-linux-x86_64-fedora-clang, r-devel-linux-x86_64-fedora-gcc