Last updated on 2023-02-06 21:54:54 CET.
Flavor | Version | Tinstall | Tcheck | Ttotal | Status | Flags |
---|---|---|---|---|---|---|
r-devel-linux-x86_64-debian-clang | 2.0.0 | 6.99 | 86.09 | 93.08 | OK | |
r-devel-linux-x86_64-debian-gcc | 2.0.0 | 5.64 | 63.20 | 68.84 | OK | |
r-devel-linux-x86_64-fedora-clang | 2.0.0 | 116.67 | NOTE | |||
r-devel-linux-x86_64-fedora-gcc | 2.0.0 | 112.08 | OK | |||
r-devel-windows-x86_64 | 2.0.0 | 33.00 | 126.00 | 159.00 | OK | |
r-patched-linux-x86_64 | 2.0.0 | 8.69 | 84.30 | 92.99 | OK | |
r-release-linux-x86_64 | 2.0.0 | 7.51 | 86.28 | 93.79 | OK | |
r-release-macos-arm64 | 2.0.0 | 92.00 | OK | |||
r-release-macos-x86_64 | 2.0.0 | 118.00 | OK | |||
r-release-windows-x86_64 | 2.0.0 | 36.00 | 132.00 | 168.00 | OK | |
r-oldrel-macos-arm64 | 2.0.0 | 68.00 | OK | |||
r-oldrel-macos-x86_64 | 2.0.0 | 112.00 | OK | |||
r-oldrel-windows-ix86+x86_64 | 2.0.0 | 20.00 | 114.00 | 134.00 | OK |
Version: 2.0.0
Check: Rd cross-references
Result: NOTE
Undeclared packages ‘classInt’, ‘maptools’, ‘PMCMR’, ‘agricolae’, ‘rgdal’, ‘plotrix’, ‘AICcmodavg’ in Rd xrefs
Flavor: r-devel-linux-x86_64-fedora-clang